CRAN Package Check Results for Package RProtoBuf

Last updated on 2019-01-15 00:46:44 CET.

Flavor Version Tinstall Tcheck Ttotal Status Flags
r-devel-linux-x86_64-debian-clang 0.4.13 210.61 125.28 335.89 OK
r-devel-linux-x86_64-debian-gcc 0.4.13 193.74 97.19 290.93 OK
r-devel-linux-x86_64-fedora-clang 0.4.13 506.45 NOTE
r-devel-linux-x86_64-fedora-gcc 0.4.13 466.43 OK
r-devel-windows-ix86+x86_64 0.4.13 478.00 184.00 662.00 NOTE
r-patched-linux-x86_64 0.4.13 239.11 113.28 352.39 OK
r-release-linux-x86_64 0.4.13 242.14 114.72 356.86 OK
r-release-windows-ix86+x86_64 0.4.13 676.00 197.00 873.00 NOTE
r-release-osx-x86_64 0.4.13 NOTE
r-oldrel-windows-ix86+x86_64 0.4.13 575.00 211.00 786.00 NOTE
r-oldrel-osx-x86_64 0.4.13 ERROR

Check Details

Version: 0.4.13
Check: installed package size
Result: NOTE
     installed size is 9.9Mb
     sub-directories of 1Mb or more:
     doc 1.1Mb
     libs 7.8Mb
Flavors: r-devel-linux-x86_64-fedora-clang, r-devel-windows-ix86+x86_64, r-release-windows-ix86+x86_64, r-release-osx-x86_64, r-oldrel-windows-ix86+x86_64

Version: 0.4.13
Check: whether package can be installed
Result: ERROR
    Installation failed.
Flavor: r-oldrel-osx-x86_64