CRAN Package Check Results for Package RSDA

Last updated on 2019-01-15 00:46:44 CET.

Flavor Version Tinstall Tcheck Ttotal Status Flags
r-devel-linux-x86_64-debian-clang 2.0.8 16.04 133.83 149.87 OK
r-devel-linux-x86_64-debian-gcc 2.0.8 11.44 100.63 112.07 OK
r-devel-linux-x86_64-fedora-clang 2.0.8 172.03 NOTE
r-devel-linux-x86_64-fedora-gcc 2.0.8 159.16 NOTE
r-devel-windows-ix86+x86_64 2.0.8 21.00 138.00 159.00 OK
r-patched-linux-x86_64 2.0.8 14.28 123.80 138.08 OK
r-patched-solaris-x86 2.0.8 232.70 NOTE
r-release-linux-x86_64 2.0.8 15.35 125.32 140.67 OK
r-release-windows-ix86+x86_64 2.0.8 43.00 136.00 179.00 OK
r-release-osx-x86_64 2.0.8 NOTE
r-oldrel-windows-ix86+x86_64 2.0.8 16.00 136.00 152.00 OK
r-oldrel-osx-x86_64 2.0.8 NOTE

Check Details

Version: 2.0.8
Check: dependencies in R code
Result: NOTE
    Namespace in Imports field not imported from: ‘randomcoloR’
     All declared Imports should be used.
Flavors: r-devel-linux-x86_64-fedora-clang, r-devel-linux-x86_64-fedora-gcc, r-patched-solaris-x86, r-release-osx-x86_64, r-oldrel-osx-x86_64