Last updated on 2019-01-15 00:46:44 CET.
Flavor | Version | Tinstall | Tcheck | Ttotal | Status | Flags |
---|---|---|---|---|---|---|
r-devel-linux-x86_64-debian-clang | 1.7.5 | 3.67 | 50.90 | 54.57 | OK | |
r-devel-linux-x86_64-debian-gcc | 1.7.5 | 2.68 | 40.60 | 43.28 | OK | |
r-devel-linux-x86_64-fedora-clang | 1.7.5 | 63.63 | NOTE | |||
r-devel-linux-x86_64-fedora-gcc | 1.7.5 | 59.98 | NOTE | |||
r-devel-windows-ix86+x86_64 | 1.7.5 | 6.00 | 67.00 | 73.00 | NOTE | |
r-patched-linux-x86_64 | 1.7.5 | 4.87 | 44.15 | 49.02 | OK | |
r-patched-solaris-x86 | 1.7.5 | 75.20 | NOTE | |||
r-release-linux-x86_64 | 1.7.5 | 3.83 | 44.21 | 48.04 | OK | |
r-release-windows-ix86+x86_64 | 1.7.5 | 12.00 | 60.00 | 72.00 | NOTE | |
r-release-osx-x86_64 | 1.7.5 | NOTE | ||||
r-oldrel-windows-ix86+x86_64 | 1.7.5 | 7.00 | 72.00 | 79.00 | NOTE | |
r-oldrel-osx-x86_64 | 1.7.4 | NOTE |
Version: 1.7.5
Check: package dependencies
Result: NOTE
Package suggested but not available for checking: ‘Rcompression’
Flavors: r-devel-linux-x86_64-fedora-clang, r-devel-linux-x86_64-fedora-gcc, r-devel-windows-ix86+x86_64, r-patched-solaris-x86, r-release-windows-ix86+x86_64, r-release-osx-x86_64, r-oldrel-windows-ix86+x86_64
Version: 1.7.5
Check: dependencies in R code
Result: NOTE
Namespaces in Imports field not imported from:
‘binman’ ‘httr’
All declared Imports should be used.
Flavors: r-devel-linux-x86_64-fedora-clang, r-devel-linux-x86_64-fedora-gcc, r-patched-solaris-x86, r-release-osx-x86_64
Version: 1.7.5
Check: installed package size
Result: NOTE
installed size is 5.1Mb
sub-directories of 1Mb or more:
doc 4.6Mb
Flavor: r-patched-solaris-x86
Version: 1.7.4
Check: package dependencies
Result: NOTE
Package suggested but not available for checking: ‘Rcompression’
Flavor: r-oldrel-osx-x86_64
Version: 1.7.4
Check: dependencies in R code
Result: NOTE
Namespaces in Imports field not imported from:
‘binman’ ‘httr’
All declared Imports should be used.
Flavor: r-oldrel-osx-x86_64