Last updated on 2019-01-15 00:46:43 CET.
Flavor | Version | Tinstall | Tcheck | Ttotal | Status | Flags |
---|---|---|---|---|---|---|
r-devel-linux-x86_64-debian-clang | 2.1.2 | 374.95 | 55.17 | 430.12 | OK | |
r-devel-linux-x86_64-debian-gcc | 2.1.2 | 359.72 | 58.16 | 417.88 | OK | |
r-devel-linux-x86_64-fedora-clang | 2.1.2 | 772.56 | NOTE | |||
r-devel-linux-x86_64-fedora-gcc | 2.1.2 | 706.73 | OK | |||
r-devel-windows-ix86+x86_64 | 2.1.2 | 855.00 | 115.00 | 970.00 | OK | |
r-patched-linux-x86_64 | 2.1.2 | 458.82 | 68.58 | 527.40 | OK | |
r-patched-solaris-x86 | 2.1.2 | 755.60 | OK | |||
r-release-linux-x86_64 | 2.1.2 | 462.38 | 69.66 | 532.04 | OK | |
r-release-windows-ix86+x86_64 | 2.1.2 | 1166.00 | 110.00 | 1276.00 | OK | |
r-release-osx-x86_64 | 2.1.2 | OK | ||||
r-oldrel-windows-ix86+x86_64 | 2.1.2 | 911.00 | 119.00 | 1030.00 | OK | |
r-oldrel-osx-x86_64 | 2.1.1 | NOTE |
Version: 2.1.2
Check: installed package size
Result: NOTE
installed size is 5.6Mb
sub-directories of 1Mb or more:
libs 4.7Mb
Flavor: r-devel-linux-x86_64-fedora-clang
Version: 2.1.1
Check: installed package size
Result: NOTE
installed size is 9.5Mb
sub-directories of 1Mb or more:
libs 8.7Mb
Flavor: r-oldrel-osx-x86_64
Version: 2.1.1
Check: DESCRIPTION meta-information
Result: NOTE
BugReports field should be the URL of a single webpage
Flavor: r-oldrel-osx-x86_64