CRAN Package Check Results for Package SMM

Last updated on 2019-01-15 00:46:46 CET.

Flavor Version Tinstall Tcheck Ttotal Status Flags
r-devel-linux-x86_64-debian-clang 1.0.1 12.95 75.33 88.28 OK
r-devel-linux-x86_64-debian-gcc 1.0.1 9.86 57.15 67.01 OK
r-devel-linux-x86_64-fedora-clang 1.0.1 104.77 OK
r-devel-linux-x86_64-fedora-gcc 1.0.1 97.29 OK
r-devel-windows-ix86+x86_64 1.0.1 14.00 77.00 91.00 OK
r-patched-linux-x86_64 1.0.1 11.57 70.45 82.02 OK
r-patched-solaris-x86 1.0.1 127.00 OK
r-release-linux-x86_64 1.0.1 10.73 70.42 81.15 OK
r-release-windows-ix86+x86_64 1.0.1 21.00 78.00 99.00 OK
r-release-osx-x86_64 1.0.1 OK
r-oldrel-windows-ix86+x86_64 1.0.1 5.00 90.00 95.00 OK
r-oldrel-osx-x86_64 1.0.1 WARN

Check Details

Version: 1.0.1
Check: re-building of vignette outputs
Result: WARN
    Error in re-building vignettes:
     ...
    Error in texi2dvi(file = file, pdf = TRUE, clean = clean, quiet = quiet, :
     Running 'texi2dvi' on 'smm.tex' failed.
    LaTeX errors:
    ! LaTeX Error: File `enumitem.sty' not found.
    
    Type X to quit or <RETURN> to proceed,
    or enter new name. (Default extension: sty)
    
    ! Emergency stop.
    <read *>
    
    l.21 \usepackage
     {diagbox}^^M
    ! ==> Fatal error occurred, no output PDF file produced!
    Calls: buildVignettes -> texi2pdf -> texi2dvi
    Execution halted
Flavor: r-oldrel-osx-x86_64