Last updated on 2019-01-15 00:46:50 CET.
Flavor | Version | Tinstall | Tcheck | Ttotal | Status | Flags |
---|---|---|---|---|---|---|
r-devel-linux-x86_64-debian-clang | 2.0-10 | 31.59 | 202.47 | 234.06 | OK | |
r-devel-linux-x86_64-debian-gcc | 2.0-10 | 24.75 | 155.16 | 179.91 | OK | |
r-devel-linux-x86_64-fedora-clang | 2.0-10 | 280.72 | OK | |||
r-devel-linux-x86_64-fedora-gcc | 2.0-10 | 261.46 | OK | |||
r-devel-windows-ix86+x86_64 | 2.0-10 | 67.00 | 261.00 | 328.00 | OK | |
r-patched-linux-x86_64 | 2.0-10 | 33.81 | 207.84 | 241.65 | OK | |
r-patched-solaris-x86 | 2.0-10 | 477.30 | OK | |||
r-release-linux-x86_64 | 2.0-10 | 29.81 | 210.06 | 239.87 | OK | |
r-release-windows-ix86+x86_64 | 2.0-10 | 98.00 | 280.00 | 378.00 | OK | |
r-release-osx-x86_64 | 2.0-10 | OK | ||||
r-oldrel-windows-ix86+x86_64 | 2.0-10 | 66.00 | 305.00 | 371.00 | WARN | |
r-oldrel-osx-x86_64 | 2.0-10 | OK |
Version: 2.0-10
Check: whether package can be installed
Result: WARN
Found the following significant warnings:
Warning: S3 methods '[.fun_list', '[.grouped_df', 'all.equal.tbl_df', 'anti_join.data.frame', 'anti_join.tbl_df', 'arrange.data.frame', 'arrange.default', 'arrange.grouped_df', 'arrange.tbl_df', 'arrange_.data.frame', 'arrange_.tbl_df', 'as.data.frame.grouped_df', 'as.data.frame.rowwise_df', 'as.data.frame.tbl_cube', 'as.table.tbl_cube', 'as.tbl.data.frame', 'as.tbl.tbl', 'as.tbl_cube.array', 'as.tbl_cube.data.frame', 'as.tbl_cube.matrix', 'as.tbl_cube.table', 'as_tibble.grouped_df', 'as_tibble.tbl_cube', 'auto_copy.tbl_cube', 'auto_copy.tbl_df', 'cbind.grouped_df', 'collapse.data.frame', 'collect.data.frame', 'common_by.NULL', 'common_by.character', 'common_by.default', 'common_by.list', 'compute.data.frame', 'copy_to.DBIConnection', 'copy_to.src_local', 'default_missing.data.frame', 'default_missing.default', 'dim.tbl_cube', 'distinct.data.frame', 'distinct.default', 'distinct.grouped_df', 'distinct.tbl_df', 'distinct_.data.frame', 'distinct_.grouped_df', 'distinct_.tbl_df', 'do.NULL', 'do.da [... truncated]
Flavor: r-oldrel-windows-ix86+x86_64