CRAN Package Check Results for Package WeightedCluster

Last updated on 2019-01-15 00:46:51 CET.

Flavor Version Tinstall Tcheck Ttotal Status Flags
r-devel-linux-x86_64-debian-clang 1.2-1 11.29 187.66 198.95 OK
r-devel-linux-x86_64-debian-gcc 1.2-1 8.80 148.21 157.01 OK
r-devel-linux-x86_64-fedora-clang 1.2-1 232.91 OK
r-devel-linux-x86_64-fedora-gcc 1.2-1 223.45 OK
r-devel-windows-ix86+x86_64 1.2-1 25.00 256.00 281.00 WARN
r-patched-linux-x86_64 1.2-1 12.00 181.64 193.64 OK
r-patched-solaris-x86 1.2-1 404.20 OK
r-release-linux-x86_64 1.2-1 9.38 180.68 190.06 OK
r-release-windows-ix86+x86_64 1.2-1 39.00 251.00 290.00 OK
r-release-osx-x86_64 1.2-1 OK
r-oldrel-windows-ix86+x86_64 1.2-1 31.00 278.00 309.00 WARN
r-oldrel-osx-x86_64 1.2-1 WARN

Additional issues

rchk

Check Details

Version: 1.2-1
Check: whether package can be installed
Result: WARN
    Found the following significant warnings:
     Warning: S3 methods '[.fun_list', '[.grouped_df', 'all.equal.tbl_df', 'anti_join.data.frame', 'anti_join.tbl_df', 'arrange.data.frame', 'arrange.default', 'arrange.grouped_df', 'arrange.tbl_df', 'arrange_.data.frame', 'arrange_.tbl_df', 'as.data.frame.grouped_df', 'as.data.frame.rowwise_df', 'as.data.frame.tbl_cube', 'as.table.tbl_cube', 'as.tbl.data.frame', 'as.tbl.tbl', 'as.tbl_cube.array', 'as.tbl_cube.data.frame', 'as.tbl_cube.matrix', 'as.tbl_cube.table', 'as_tibble.grouped_df', 'as_tibble.tbl_cube', 'auto_copy.tbl_cube', 'auto_copy.tbl_df', 'cbind.grouped_df', 'collapse.data.frame', 'collect.data.frame', 'common_by.NULL', 'common_by.character', 'common_by.default', 'common_by.list', 'compute.data.frame', 'copy_to.DBIConnection', 'copy_to.src_local', 'default_missing.data.frame', 'default_missing.default', 'dim.tbl_cube', 'distinct.data.frame', 'distinct.default', 'distinct.grouped_df', 'distinct.tbl_df', 'distinct_.data.frame', 'distinct_.grouped_df', 'distinct_.tbl_df', 'do.NULL', 'do.da [... truncated]
Flavors: r-devel-windows-ix86+x86_64, r-oldrel-windows-ix86+x86_64

Version: 1.2-1
Check: re-building of vignette outputs
Result: WARN
    Error in re-building vignettes:
     ...
     [>] 490 sequences in the data set
     [>] min/max sequence length: 70/70
     [>] 490 sequences with 6 distinct states
     [>] creating a 'sm' with a single substitution cost of 1
     [>] creating 6x6 substitution-cost matrix using 1 as constant value
     [>] 490 distinct sequences
     [>] min/max sequence length: 70/70
     [>] computing distances using the HAM metric
     [>] elapsed time: 0.17 secs
    Error in texi2dvi(file = file, pdf = TRUE, clean = clean, quiet = quiet, :
     Running 'texi2dvi' on 'WeightedClusterPreview.tex' failed.
    LaTeX errors:
    ! LaTeX Error: File `subfigure.sty' not found.
    
    Type X to quit or <RETURN> to proceed,
    or enter new name. (Default extension: sty)
    
    ! Emergency stop.
    <read *>
    
    l.78 \usepackage
     {afterpage}^^M
    ! ==> Fatal error occurred, no output PDF file produced!
    Calls: buildVignettes -> texi2pdf -> texi2dvi
    Execution halted
Flavor: r-oldrel-osx-x86_64