Last updated on 2019-01-15 00:46:17 CET.
Flavor | Version | Tinstall | Tcheck | Ttotal | Status | Flags |
---|---|---|---|---|---|---|
r-devel-linux-x86_64-debian-clang | 0.2.1 | 1.21 | 22.50 | 23.71 | OK | |
r-devel-linux-x86_64-debian-gcc | 0.2.1 | 1.10 | 17.85 | 18.95 | OK | |
r-devel-linux-x86_64-fedora-clang | 0.2.1 | 28.42 | NOTE | |||
r-devel-linux-x86_64-fedora-gcc | 0.2.1 | 26.44 | NOTE | |||
r-devel-windows-ix86+x86_64 | 0.2.1 | 4.00 | 32.00 | 36.00 | OK | |
r-patched-linux-x86_64 | 0.2.1 | 1.21 | 20.98 | 22.19 | OK | |
r-patched-solaris-x86 | 0.2.1 | 40.70 | NOTE | |||
r-release-linux-x86_64 | 0.2.1 | 1.31 | 20.89 | 22.20 | OK | |
r-release-windows-ix86+x86_64 | 0.2.1 | 7.00 | 36.00 | 43.00 | OK | |
r-release-osx-x86_64 | 0.2.1 | NOTE | ||||
r-oldrel-windows-ix86+x86_64 | 0.2.1 | 3.00 | 31.00 | 34.00 | OK | |
r-oldrel-osx-x86_64 | 0.2.1 | NOTE |
Version: 0.2.1
Check: dependencies in R code
Result: NOTE
Namespaces in Imports field not imported from:
‘httr’ ‘progress’
All declared Imports should be used.
Flavors: r-devel-linux-x86_64-fedora-clang, r-devel-linux-x86_64-fedora-gcc, r-patched-solaris-x86, r-release-osx-x86_64, r-oldrel-osx-x86_64