CRAN Package Check Results for Package ahpsurvey

Last updated on 2019-01-15 00:46:18 CET.

Flavor Version Tinstall Tcheck Ttotal Status Flags
r-devel-linux-x86_64-debian-clang 0.3.0 3.10 82.19 85.29 OK
r-devel-linux-x86_64-debian-gcc 0.3.0 2.67 59.53 62.20 OK
r-devel-linux-x86_64-fedora-clang 0.3.0 97.30 NOTE
r-devel-linux-x86_64-fedora-gcc 0.3.0 92.12 NOTE
r-devel-windows-ix86+x86_64 0.3.0 8.00 92.00 100.00 OK
r-patched-linux-x86_64 0.3.0 2.75 73.46 76.21 OK
r-patched-solaris-x86 0.3.0 125.80 NOTE
r-release-linux-x86_64 0.3.0 3.09 74.59 77.68 OK
r-release-windows-ix86+x86_64 0.3.0 7.00 85.00 92.00 OK
r-release-osx-x86_64 0.3.0 NOTE
r-oldrel-windows-ix86+x86_64 0.3.0 5.00 97.00 102.00 OK
r-oldrel-osx-x86_64 0.3.0 NOTE

Check Details

Version: 0.3.0
Check: dependencies in R code
Result: NOTE
    Namespaces in Imports field not imported from:
     ‘knitr’ ‘tidyr’
     All declared Imports should be used.
Flavors: r-devel-linux-x86_64-fedora-clang, r-devel-linux-x86_64-fedora-gcc, r-patched-solaris-x86, r-release-osx-x86_64, r-oldrel-osx-x86_64