CRAN Package Check Results for Package akima

Last updated on 2019-01-15 00:46:18 CET.

Flavor Version Tinstall Tcheck Ttotal Status Flags
r-devel-linux-x86_64-debian-clang 0.6-2 10.81 30.58 41.39 OK
r-devel-linux-x86_64-debian-gcc 0.6-2 7.91 24.60 32.51 OK
r-devel-linux-x86_64-fedora-clang 0.6-2 48.58 NOTE
r-devel-linux-x86_64-fedora-gcc 0.6-2 46.87 NOTE
r-devel-windows-ix86+x86_64 0.6-2 37.00 57.00 94.00 OK
r-patched-linux-x86_64 0.6-2 9.44 28.14 37.58 OK
r-patched-solaris-x86 0.6-2 66.50 OK
r-release-linux-x86_64 0.6-2 9.43 28.08 37.51 OK
r-release-windows-ix86+x86_64 0.6-2 33.00 52.00 85.00 OK
r-release-osx-x86_64 0.6-2 OK
r-oldrel-windows-ix86+x86_64 0.6-2 28.00 51.00 79.00 OK
r-oldrel-osx-x86_64 0.6-2 OK

Check Details

Version: 0.6-2
Check: compiled code
Result: NOTE
    File ‘akima/libs/akima.so’:
     Found no call to: ‘R_useDynamicSymbols’
    
    It is good practice to register native routines and to disable symbol
    search.
    
    See ‘Writing portable packages’ in the ‘Writing R Extensions’ manual.
Flavors: r-devel-linux-x86_64-fedora-clang, r-devel-linux-x86_64-fedora-gcc