CRAN Package Check Results for Package anoint

Last updated on 2019-01-15 00:46:18 CET.

Flavor Version Tinstall Tcheck Ttotal Status Flags
r-devel-linux-x86_64-debian-clang 1.4 7.22 71.54 78.76 NOTE
r-devel-linux-x86_64-debian-gcc 1.4 5.83 55.83 61.66 NOTE
r-devel-linux-x86_64-fedora-clang 1.4 92.81 NOTE
r-devel-linux-x86_64-fedora-gcc 1.4 90.45 NOTE
r-devel-windows-ix86+x86_64 1.4 12.00 76.00 88.00 NOTE
r-patched-linux-x86_64 1.4 5.67 66.89 72.56 NOTE
r-patched-solaris-x86 1.4 137.90 NOTE
r-release-linux-x86_64 1.4 5.37 66.30 71.67 NOTE
r-release-windows-ix86+x86_64 1.4 15.00 75.00 90.00 NOTE
r-release-osx-x86_64 1.4 NOTE
r-oldrel-windows-ix86+x86_64 1.4 8.00 82.00 90.00 NOTE
r-oldrel-osx-x86_64 1.4 NOTE

Check Details

Version: 1.4
Check: whether the namespace can be loaded with stated dependencies
Result: NOTE
    Warning: no function found corresponding to methods exports from ‘anoint’ for: ‘show’
    
    A namespace must be able to be loaded with just the base namespace
    loaded: otherwise if the namespace gets loaded by a saved object, the
    session will be unable to start.
    
    Probably some imports need to be declared in the NAMESPACE file.
Flavors: r-devel-linux-x86_64-debian-clang, r-devel-linux-x86_64-debian-gcc, r-devel-linux-x86_64-fedora-clang, r-devel-linux-x86_64-fedora-gcc, r-devel-windows-ix86+x86_64, r-patched-linux-x86_64, r-patched-solaris-x86, r-release-linux-x86_64, r-release-windows-ix86+x86_64, r-release-osx-x86_64, r-oldrel-windows-ix86+x86_64, r-oldrel-osx-x86_64