Last updated on 2019-01-15 00:46:18 CET.
Flavor | Version | Tinstall | Tcheck | Ttotal | Status | Flags |
---|---|---|---|---|---|---|
r-devel-linux-x86_64-debian-clang | 0.63 | 1.38 | 35.06 | 36.44 | NOTE | |
r-devel-linux-x86_64-debian-gcc | 0.63 | 1.05 | 26.68 | 27.73 | NOTE | |
r-devel-linux-x86_64-fedora-clang | 0.63 | 43.07 | NOTE | |||
r-devel-linux-x86_64-fedora-gcc | 0.63 | 41.47 | NOTE | |||
r-devel-windows-ix86+x86_64 | 0.63 | 2.00 | 42.00 | 44.00 | OK | |
r-patched-linux-x86_64 | 0.63 | 0.91 | 32.56 | 33.47 | NOTE | |
r-patched-solaris-x86 | 0.63 | 54.10 | OK | |||
r-release-linux-x86_64 | 0.63 | 1.16 | 32.85 | 34.01 | NOTE | |
r-release-windows-ix86+x86_64 | 0.63 | 3.00 | 43.00 | 46.00 | OK | |
r-release-osx-x86_64 | 0.63 | OK | ||||
r-oldrel-windows-ix86+x86_64 | 0.63 | 2.00 | 43.00 | 45.00 | OK | |
r-oldrel-osx-x86_64 | 0.63 | OK |
Version: 0.63
Check: Rd line widths
Result: NOTE
Rd file 'sdafilter.Rd':
\examples lines wider than 100 characters:
plot(lon,lat,col="lightgrey",type="l",xlim=c(5,18), ylim=c(77.1,79.1),xlab="Longitude",ylab="Latitude")
Rd file 'vmask.Rd':
\examples lines wider than 100 characters:
plot(lon,lat,col="lightgrey",type="l",xlim=c(5,18), ylim=c(77.1,79.1),xlab="Longitude",ylab="Latitude")
These lines will be truncated in the PDF manual.
Flavors: r-devel-linux-x86_64-debian-clang, r-devel-linux-x86_64-debian-gcc, r-devel-linux-x86_64-fedora-clang, r-devel-linux-x86_64-fedora-gcc, r-patched-linux-x86_64, r-release-linux-x86_64