CRAN Package Check Results for Package arnie

Last updated on 2019-01-15 00:46:18 CET.

Flavor Version Tinstall Tcheck Ttotal Status Flags
r-devel-linux-x86_64-debian-clang 0.1.2 0.76 16.39 17.15 NOTE
r-devel-linux-x86_64-debian-gcc 0.1.2 0.63 13.12 13.75 NOTE
r-devel-linux-x86_64-fedora-clang 0.1.2 20.46 NOTE
r-devel-linux-x86_64-fedora-gcc 0.1.2 19.28 NOTE
r-devel-windows-ix86+x86_64 0.1.2 2.00 24.00 26.00 NOTE
r-patched-linux-x86_64 0.1.2 0.69 15.01 15.70 NOTE
r-patched-solaris-x86 0.1.2 30.40 NOTE
r-release-linux-x86_64 0.1.2 0.72 15.18 15.90 NOTE
r-release-windows-ix86+x86_64 0.1.2 2.00 25.00 27.00 NOTE
r-release-osx-x86_64 0.1.2 NOTE
r-oldrel-windows-ix86+x86_64 0.1.2 2.00 23.00 25.00 NOTE
r-oldrel-osx-x86_64 0.1.2 NOTE

Check Details

Version: 0.1.2
Check: DESCRIPTION meta-information
Result: NOTE
    Malformed Description field: should contain one or more complete sentences.
Flavors: r-devel-linux-x86_64-debian-clang, r-devel-linux-x86_64-debian-gcc, r-devel-linux-x86_64-fedora-clang, r-devel-linux-x86_64-fedora-gcc, r-devel-windows-ix86+x86_64, r-patched-linux-x86_64, r-patched-solaris-x86, r-release-linux-x86_64, r-release-windows-ix86+x86_64, r-release-osx-x86_64, r-oldrel-windows-ix86+x86_64, r-oldrel-osx-x86_64