Last updated on 2019-01-15 00:46:18 CET.
Flavor | Version | Tinstall | Tcheck | Ttotal | Status | Flags |
---|---|---|---|---|---|---|
r-devel-linux-x86_64-debian-clang | 0.1 | 5.88 | 41.99 | 47.87 | NOTE | |
r-devel-linux-x86_64-debian-gcc | 0.1 | 4.68 | 32.34 | 37.02 | NOTE | |
r-devel-linux-x86_64-fedora-clang | 0.1 | 57.51 | NOTE | |||
r-devel-linux-x86_64-fedora-gcc | 0.1 | 56.67 | NOTE | |||
r-devel-windows-ix86+x86_64 | 0.1 | 8.00 | 48.00 | 56.00 | NOTE | |
r-patched-linux-x86_64 | 0.1 | 7.14 | 38.94 | 46.08 | NOTE | |
r-patched-solaris-x86 | 0.1 | 68.80 | NOTE | |||
r-release-linux-x86_64 | 0.1 | 5.65 | 39.11 | 44.76 | NOTE | |
r-release-windows-ix86+x86_64 | 0.1 | 10.00 | 47.00 | 57.00 | NOTE | |
r-release-osx-x86_64 | 0.1 | NOTE | ||||
r-oldrel-windows-ix86+x86_64 | 0.1 | 5.00 | 54.00 | 59.00 | NOTE | |
r-oldrel-osx-x86_64 | 0.1 | NOTE |
Version: 0.1
Check: R code for possible problems
Result: NOTE
fm_unred: no visible global function definition for ‘spline’
galage: no visible global function definition for ‘integrate’
lumdist: no visible global function definition for ‘integrate’
Undefined global functions or variables:
integrate spline
Consider adding
importFrom("stats", "integrate", "spline")
to your NAMESPACE file.
Flavors: r-devel-linux-x86_64-debian-clang, r-devel-linux-x86_64-debian-gcc, r-devel-linux-x86_64-fedora-clang, r-devel-linux-x86_64-fedora-gcc, r-devel-windows-ix86+x86_64, r-patched-linux-x86_64, r-patched-solaris-x86, r-release-linux-x86_64, r-release-windows-ix86+x86_64, r-release-osx-x86_64, r-oldrel-windows-ix86+x86_64, r-oldrel-osx-x86_64