Last updated on 2019-01-15 00:46:18 CET.
Flavor | Version | Tinstall | Tcheck | Ttotal | Status | Flags |
---|---|---|---|---|---|---|
r-devel-linux-x86_64-debian-clang | 0.1.1 | 3.66 | 40.48 | 44.14 | OK | |
r-devel-linux-x86_64-debian-gcc | 0.1.1 | 2.85 | 31.28 | 34.13 | OK | |
r-devel-linux-x86_64-fedora-clang | 0.1.1 | 51.99 | NOTE | |||
r-devel-linux-x86_64-fedora-gcc | 0.1.1 | 50.08 | NOTE | |||
r-devel-windows-ix86+x86_64 | 0.1.1 | 6.00 | 51.00 | 57.00 | OK | |
r-patched-linux-x86_64 | 0.1.1 | 3.09 | 37.08 | 40.17 | OK | |
r-patched-solaris-x86 | 0.1.1 | 82.50 | NOTE | |||
r-release-linux-x86_64 | 0.1.1 | 3.46 | 37.22 | 40.68 | OK | |
r-release-windows-ix86+x86_64 | 0.1.1 | 9.00 | 58.00 | 67.00 | OK | |
r-release-osx-x86_64 | 0.1.1 | NOTE | ||||
r-oldrel-windows-ix86+x86_64 | 0.1.1 | 6.00 | 57.00 | 63.00 | OK | |
r-oldrel-osx-x86_64 | 0.1.1 | NOTE |
Version: 0.1.1
Check: dependencies in R code
Result: NOTE
Namespaces in Imports field not imported from:
‘MASS’ ‘broom’ ‘diptest’ ‘ggplot2’ ‘hexbin’ ‘moments’
All declared Imports should be used.
Flavors: r-devel-linux-x86_64-fedora-clang, r-devel-linux-x86_64-fedora-gcc, r-patched-solaris-x86, r-release-osx-x86_64, r-oldrel-osx-x86_64