CRAN Package Check Results for Package bandit

Last updated on 2019-01-15 00:46:19 CET.

Flavor Version Tinstall Tcheck Ttotal Status Flags
r-devel-linux-x86_64-debian-clang 0.5.0 1.27 17.77 19.04 NOTE
r-devel-linux-x86_64-debian-gcc 0.5.0 1.05 16.33 17.38 NOTE
r-devel-linux-x86_64-fedora-clang 0.5.0 21.42 NOTE
r-devel-linux-x86_64-fedora-gcc 0.5.0 24.64 NOTE
r-devel-windows-ix86+x86_64 0.5.0 2.00 36.00 38.00 NOTE
r-patched-linux-x86_64 0.5.0 1.15 17.03 18.18 NOTE
r-patched-solaris-x86 0.5.0 37.70 NOTE
r-release-linux-x86_64 0.5.0 1.04 16.87 17.91 NOTE
r-release-windows-ix86+x86_64 0.5.0 5.00 32.00 37.00 NOTE
r-release-osx-x86_64 0.5.0 NOTE
r-oldrel-windows-ix86+x86_64 0.5.0 3.00 32.00 35.00 NOTE
r-oldrel-osx-x86_64 0.5.0 NOTE

Check Details

Version: 0.5.0
Check: R code for possible problems
Result: NOTE
    best_binomial_bandit : f: no visible global function definition for
     ‘dbeta’
    best_binomial_bandit : f: no visible global function definition for
     ‘pbeta’
    best_binomial_bandit: no visible global function definition for
     ‘integrate’
    best_poisson_bandit : f: no visible global function definition for
     ‘dgamma’
    best_poisson_bandit : f: no visible global function definition for
     ‘pgamma’
    best_poisson_bandit: no visible global function definition for
     ‘integrate’
    deseasonalized_trend: no visible global function definition for
     ‘predict’
    distribution_estimate: no visible global function definition for
     ‘quantile’
    distribution_estimate: no visible global function definition for
     ‘qbeta’
    significance_analysis: no visible global function definition for
     ‘prop.test’
    sim_post: no visible global function definition for ‘rbeta’
    summarize_metrics: no visible global function definition for ‘median’
    summarize_metrics: no visible global function definition for
     ‘prop.test’
    Undefined global functions or variables:
     dbeta dgamma integrate median pbeta pgamma predict prop.test qbeta
     quantile rbeta
    Consider adding
     importFrom("stats", "dbeta", "dgamma", "integrate", "median", "pbeta",
     "pgamma", "predict", "prop.test", "qbeta", "quantile",
     "rbeta")
    to your NAMESPACE file.
Flavors: r-devel-linux-x86_64-debian-clang, r-devel-linux-x86_64-debian-gcc, r-devel-linux-x86_64-fedora-clang, r-devel-linux-x86_64-fedora-gcc, r-devel-windows-ix86+x86_64, r-patched-linux-x86_64, r-patched-solaris-x86, r-release-linux-x86_64, r-release-windows-ix86+x86_64, r-release-osx-x86_64, r-oldrel-windows-ix86+x86_64, r-oldrel-osx-x86_64