Last updated on 2019-01-15 00:46:19 CET.
Flavor | Version | Tinstall | Tcheck | Ttotal | Status | Flags |
---|---|---|---|---|---|---|
r-devel-linux-x86_64-debian-clang | 0.9.11 | 11.73 | 337.32 | 349.05 | OK | |
r-devel-linux-x86_64-debian-gcc | 0.9.11 | 8.65 | 346.37 | 355.02 | OK | |
r-devel-linux-x86_64-fedora-clang | 0.9.11 | 136.78 | OK | |||
r-devel-linux-x86_64-fedora-gcc | 0.9.11 | 281.96 | OK | |||
r-devel-windows-ix86+x86_64 | 0.9.11 | 19.00 | 266.00 | 285.00 | OK | |
r-patched-linux-x86_64 | 0.9.11 | 8.66 | 198.24 | 206.90 | OK | |
r-patched-solaris-x86 | 0.9.11 | 270.00 | OK | |||
r-release-linux-x86_64 | 0.9.11 | 8.31 | 122.04 | 130.35 | OK | |
r-release-windows-ix86+x86_64 | 0.9.11 | 28.00 | 285.00 | 313.00 | OK | |
r-release-osx-x86_64 | 0.9.11 | NOTE | ||||
r-oldrel-windows-ix86+x86_64 | 0.9.11 | 21.00 | 264.00 | 285.00 | OK | |
r-oldrel-osx-x86_64 | 0.9.11 | NOTE |
Version: 0.9.11
Check: package dependencies
Result: NOTE
Package suggested but not available for checking: ‘doMPI’
Flavors: r-release-osx-x86_64, r-oldrel-osx-x86_64
Version: 0.9.11
Check: Rd cross-references
Result: NOTE
Package unavailable to check Rd xrefs: ‘Rmpi’
Flavors: r-release-osx-x86_64, r-oldrel-osx-x86_64