CRAN Package Check Results for Package bayesImageS

Last updated on 2019-01-15 00:46:19 CET.

Flavor Version Tinstall Tcheck Ttotal Status Flags
r-devel-linux-x86_64-debian-clang 0.6-0 56.22 101.98 158.20 OK
r-devel-linux-x86_64-debian-gcc 0.6-0 51.67 83.67 135.34 OK
r-devel-linux-x86_64-fedora-clang 0.6-0 170.35 NOTE
r-devel-linux-x86_64-fedora-gcc 0.6-0 218.77 OK
r-devel-windows-ix86+x86_64 0.6-0 101.00 142.00 243.00 OK
r-patched-linux-x86_64 0.6-0 65.97 88.05 154.02 OK
r-patched-solaris-x86 0.6-0 256.90 OK
r-release-linux-x86_64 0.6-0 67.43 88.99 156.42 OK
r-release-windows-ix86+x86_64 0.6-0 143.00 134.00 277.00 OK
r-release-osx-x86_64 0.6-0 NOTE
r-oldrel-windows-ix86+x86_64 0.6-0 109.00 141.00 250.00 OK
r-oldrel-osx-x86_64 0.5-3 NOTE

Check Details

Version: 0.6-0
Check: installed package size
Result: NOTE
     installed size is 6.1Mb
     sub-directories of 1Mb or more:
     data 1.6Mb
     libs 3.8Mb
Flavors: r-devel-linux-x86_64-fedora-clang, r-release-osx-x86_64

Version: 0.5-3
Check: installed package size
Result: NOTE
     installed size is 6.1Mb
     sub-directories of 1Mb or more:
     data 1.5Mb
     libs 3.5Mb
Flavor: r-oldrel-osx-x86_64