CRAN Package Check Results for Package bayesSurv

Last updated on 2019-01-15 00:46:19 CET.

Flavor Version Tinstall Tcheck Ttotal Status Flags
r-devel-linux-x86_64-debian-clang 3.2 98.39 88.35 186.74 OK
r-devel-linux-x86_64-debian-gcc 3.2 90.54 73.03 163.57 OK
r-devel-linux-x86_64-fedora-clang 3.2 269.98 NOTE
r-devel-linux-x86_64-fedora-gcc 3.2 254.27 OK
r-devel-windows-ix86+x86_64 3.2 174.00 132.00 306.00 OK
r-patched-linux-x86_64 3.2 114.82 80.57 195.39 OK
r-patched-solaris-x86 3.2 232.70 OK
r-release-linux-x86_64 3.2 115.11 79.79 194.90 OK
r-release-windows-ix86+x86_64 3.2 247.00 127.00 374.00 OK
r-release-osx-x86_64 3.2 NOTE
r-oldrel-windows-ix86+x86_64 3.2 171.00 118.00 289.00 OK
r-oldrel-osx-x86_64 3.2 OK

Check Details

Version: 3.2
Check: installed package size
Result: NOTE
     installed size is 5.7Mb
     sub-directories of 1Mb or more:
     libs 4.4Mb
Flavors: r-devel-linux-x86_64-fedora-clang, r-release-osx-x86_64