CRAN Package Check Results for Package biglars

Last updated on 2019-01-15 00:46:19 CET.

Flavor Version Tinstall Tcheck Ttotal Status Flags
r-devel-linux-x86_64-debian-clang 1.0.2 2.86 22.34 25.20 OK
r-devel-linux-x86_64-debian-gcc 1.0.2 2.06 18.06 20.12 OK
r-devel-linux-x86_64-fedora-clang 1.0.2 29.09 NOTE
r-devel-linux-x86_64-fedora-gcc 1.0.2 29.02 NOTE
r-devel-windows-ix86+x86_64 1.0.2 7.00 44.00 51.00 OK
r-patched-linux-x86_64 1.0.2 2.47 20.72 23.19 OK
r-patched-solaris-x86 1.0.2 45.10 OK
r-release-linux-x86_64 1.0.2 2.56 20.77 23.33 OK
r-release-windows-ix86+x86_64 1.0.2 11.00 39.00 50.00 OK
r-release-osx-x86_64 1.0.2 OK
r-oldrel-windows-ix86+x86_64 1.0.2 8.00 38.00 46.00 OK
r-oldrel-osx-x86_64 1.0.2 OK

Check Details

Version: 1.0.2
Check: compiled code
Result: NOTE
    File ‘biglars/libs/biglars.so’:
     Found no calls to: ‘R_registerRoutines’, ‘R_useDynamicSymbols’
    
    It is good practice to register native routines and to disable symbol
    search.
    
    See ‘Writing portable packages’ in the ‘Writing R Extensions’ manual.
Flavors: r-devel-linux-x86_64-fedora-clang, r-devel-linux-x86_64-fedora-gcc