CRAN Package Check Results for Package bigrquery

Last updated on 2019-01-15 00:46:19 CET.

Flavor Version Tinstall Tcheck Ttotal Status Flags
r-devel-linux-x86_64-debian-clang 1.0.0 23.40 43.80 67.20 OK
r-devel-linux-x86_64-debian-gcc 1.0.0 19.34 34.08 53.42 OK
r-devel-linux-x86_64-fedora-clang 1.0.0 83.94 OK
r-devel-linux-x86_64-fedora-gcc 1.0.0 79.43 OK
r-devel-windows-ix86+x86_64 1.0.0 41.00 76.00 117.00 OK
r-patched-linux-x86_64 1.0.0 24.20 39.99 64.19 OK
r-patched-solaris-x86 1.0.0 8.90 ERROR
r-release-linux-x86_64 1.0.0 25.34 39.94 65.28 OK
r-release-windows-ix86+x86_64 1.0.0 57.00 81.00 138.00 OK
r-release-osx-x86_64 1.0.0 OK
r-oldrel-windows-ix86+x86_64 1.0.0 35.00 76.00 111.00 OK
r-oldrel-osx-x86_64 1.0.0 OK

Check Details

Version: 1.0.0
Check: package dependencies
Result: NOTE
    Package suggested but not available for checking: ‘sodium’
Flavor: r-patched-solaris-x86

Version: 1.0.0
Check: whether package can be installed
Result: ERROR
    Installation failed.
Flavor: r-patched-solaris-x86