Last updated on 2019-01-15 00:46:19 CET.
Flavor | Version | Tinstall | Tcheck | Ttotal | Status | Flags |
---|---|---|---|---|---|---|
r-devel-linux-x86_64-debian-clang | 2.0.6 | 7.25 | 91.76 | 99.01 | NOTE | |
r-devel-linux-x86_64-debian-gcc | 2.0.6 | 6.38 | 70.34 | 76.72 | NOTE | |
r-devel-linux-x86_64-fedora-clang | 2.0.6 | 116.20 | NOTE | |||
r-devel-linux-x86_64-fedora-gcc | 2.0.6 | 109.19 | NOTE | |||
r-devel-windows-ix86+x86_64 | 2.0.6 | 13.00 | 113.00 | 126.00 | NOTE | |
r-patched-linux-x86_64 | 2.0.6 | 8.11 | 85.37 | 93.48 | NOTE | |
r-release-linux-x86_64 | 2.0.6 | 6.40 | 84.51 | 90.91 | NOTE | |
r-release-windows-ix86+x86_64 | 2.0.6 | 24.00 | 130.00 | 154.00 | NOTE | |
r-release-osx-x86_64 | 2.0.6 | ERROR | ||||
r-oldrel-windows-ix86+x86_64 | 2.0.6 | 20.00 | 171.00 | 191.00 | NOTE | |
r-oldrel-osx-x86_64 | 2.0.5 | NOTE |
Version: 2.0.6
Check: package dependencies
Result: NOTE
Package suggested but not available for checking: ‘metaboData’
Flavors: r-devel-linux-x86_64-debian-clang, r-devel-linux-x86_64-debian-gcc, r-devel-linux-x86_64-fedora-clang, r-devel-linux-x86_64-fedora-gcc, r-devel-windows-ix86+x86_64, r-patched-linux-x86_64, r-release-linux-x86_64, r-release-windows-ix86+x86_64, r-oldrel-windows-ix86+x86_64
Version: 2.0.6
Check: package dependencies
Result: ERROR
Package required but not available: ‘mzR’
Package suggested but not available for checking: ‘metaboData’
See section ‘The DESCRIPTION file’ in the ‘Writing R Extensions’
manual.
Flavor: r-release-osx-x86_64
Version: 2.0.5
Check: package dependencies
Result: NOTE
Package suggested but not available for checking: ‘metaboData’
Flavor: r-oldrel-osx-x86_64