Last updated on 2019-01-15 00:46:20 CET.
Flavor | Version | Tinstall | Tcheck | Ttotal | Status | Flags |
---|---|---|---|---|---|---|
r-devel-linux-x86_64-debian-clang | 0.0.1 | 2.21 | 34.89 | 37.10 | NOTE | |
r-devel-linux-x86_64-debian-gcc | 0.0.1 | 1.74 | 27.19 | 28.93 | NOTE | |
r-devel-linux-x86_64-fedora-clang | 0.0.1 | 42.86 | NOTE | |||
r-devel-linux-x86_64-fedora-gcc | 0.0.1 | 41.10 | NOTE | |||
r-devel-windows-ix86+x86_64 | 0.0.1 | 5.00 | 64.00 | 69.00 | NOTE | |
r-patched-linux-x86_64 | 0.0.1 | 2.31 | 32.11 | 34.42 | NOTE | |
r-patched-solaris-x86 | 0.0.1 | 68.10 | NOTE | |||
r-release-linux-x86_64 | 0.0.1 | 2.07 | 31.48 | 33.55 | NOTE | |
r-release-windows-ix86+x86_64 | 0.0.1 | 11.00 | 47.00 | 58.00 | NOTE | |
r-release-osx-x86_64 | 0.0.1 | NOTE | ||||
r-oldrel-windows-ix86+x86_64 | 0.0.1 | 7.00 | 51.00 | 58.00 | NOTE | |
r-oldrel-osx-x86_64 | 0.0.1 | NOTE |
Version: 0.0.1
Check: files in ‘vignettes’
Result: NOTE
Package has no Sweave vignette sources and no VignetteBuilder field.
Flavors: r-devel-linux-x86_64-debian-clang, r-devel-linux-x86_64-debian-gcc, r-devel-linux-x86_64-fedora-clang, r-devel-linux-x86_64-fedora-gcc, r-devel-windows-ix86+x86_64, r-patched-linux-x86_64, r-patched-solaris-x86, r-release-linux-x86_64, r-release-windows-ix86+x86_64, r-release-osx-x86_64, r-oldrel-windows-ix86+x86_64, r-oldrel-osx-x86_64