Last updated on 2019-01-15 00:46:20 CET.
Flavor | Version | Tinstall | Tcheck | Ttotal | Status | Flags |
---|---|---|---|---|---|---|
r-devel-linux-x86_64-debian-clang | 1.1.25 | 49.90 | 95.96 | 145.86 | OK | |
r-devel-linux-x86_64-debian-gcc | 1.1.25 | 47.12 | 74.27 | 121.39 | OK | |
r-devel-linux-x86_64-fedora-clang | 1.1.25 | 202.37 | NOTE | |||
r-devel-linux-x86_64-fedora-gcc | 1.1.25 | 182.52 | OK | |||
r-devel-windows-ix86+x86_64 | 1.1.25 | 87.00 | 127.00 | 214.00 | OK | |
r-patched-linux-x86_64 | 1.1.25 | 63.62 | 89.23 | 152.85 | OK | |
r-patched-solaris-x86 | 1.1.25 | 201.60 | OK | |||
r-release-linux-x86_64 | 1.1.25 | 60.36 | 88.72 | 149.08 | OK | |
r-release-windows-ix86+x86_64 | 1.1.25 | 117.00 | 133.00 | 250.00 | OK | |
r-release-osx-x86_64 | 1.1.25 | NOTE | ||||
r-oldrel-windows-ix86+x86_64 | 1.1.25 | 85.00 | 120.00 | 205.00 | OK | |
r-oldrel-osx-x86_64 | 1.1.25 | NOTE |
Version: 1.1.25
Check: installed package size
Result: NOTE
installed size is 7.1Mb
sub-directories of 1Mb or more:
libs 6.5Mb
Flavors: r-devel-linux-x86_64-fedora-clang, r-release-osx-x86_64, r-oldrel-osx-x86_64