Last updated on 2019-01-15 00:46:20 CET.
Flavor | Version | Tinstall | Tcheck | Ttotal | Status | Flags |
---|---|---|---|---|---|---|
r-devel-linux-x86_64-debian-clang | 1.0 | 1.20 | 58.01 | 59.21 | NOTE | |
r-devel-linux-x86_64-debian-gcc | 1.0 | 0.91 | 41.49 | 42.40 | NOTE | |
r-devel-linux-x86_64-fedora-clang | 1.0 | 68.99 | NOTE | |||
r-devel-linux-x86_64-fedora-gcc | 1.0 | 63.55 | NOTE | |||
r-devel-windows-ix86+x86_64 | 1.0 | 3.00 | 69.00 | 72.00 | NOTE | |
r-patched-linux-x86_64 | 1.0 | 0.97 | 53.94 | 54.91 | NOTE | |
r-patched-solaris-x86 | 1.0 | 90.10 | NOTE | |||
r-release-linux-x86_64 | 1.0 | 1.16 | 53.95 | 55.11 | NOTE | |
r-release-windows-ix86+x86_64 | 1.0 | 4.00 | 69.00 | 73.00 | NOTE | |
r-release-osx-x86_64 | 1.0 | NOTE | ||||
r-oldrel-windows-ix86+x86_64 | 1.0 | 2.00 | 62.00 | 64.00 | NOTE | |
r-oldrel-osx-x86_64 | 1.0 | NOTE |
Version: 1.0
Check: R code for possible problems
Result: NOTE
bnlr: no visible global function definition for ‘dnorm’
bnlr: no visible global function definition for ‘runif’
chainsum : <anonymous>: no visible global function definition for
‘quantile’
infocrit: no visible global function definition for ‘dnorm’
Undefined global functions or variables:
dnorm quantile runif
Consider adding
importFrom("stats", "dnorm", "quantile", "runif")
to your NAMESPACE file.
Flavors: r-devel-linux-x86_64-debian-clang, r-devel-linux-x86_64-debian-gcc, r-devel-linux-x86_64-fedora-clang, r-devel-linux-x86_64-fedora-gcc, r-devel-windows-ix86+x86_64, r-patched-linux-x86_64, r-patched-solaris-x86, r-release-linux-x86_64, r-release-windows-ix86+x86_64, r-release-osx-x86_64, r-oldrel-windows-ix86+x86_64, r-oldrel-osx-x86_64