CRAN Package Check Results for Package bossMaps

Last updated on 2019-01-15 00:46:20 CET.

Flavor Version Tinstall Tcheck Ttotal Status Flags
r-devel-linux-x86_64-debian-clang 0.1.0 6.33 227.35 233.68 OK
r-devel-linux-x86_64-debian-gcc 0.1.0 6.10 167.64 173.74 OK
r-devel-linux-x86_64-fedora-clang 0.1.0 277.53 NOTE
r-devel-linux-x86_64-fedora-gcc 0.1.0 285.19 NOTE
r-devel-windows-ix86+x86_64 0.1.0 13.00 274.00 287.00 OK
r-patched-linux-x86_64 0.1.0 5.19 231.76 236.95 OK
r-patched-solaris-x86 0.1.0 450.90 NOTE
r-release-linux-x86_64 0.1.0 6.98 228.92 235.90 OK
r-release-windows-ix86+x86_64 0.1.0 16.00 262.00 278.00 OK
r-release-osx-x86_64 0.1.0 NOTE
r-oldrel-windows-ix86+x86_64 0.1.0 12.00 303.00 315.00 OK
r-oldrel-osx-x86_64 0.1.0 NOTE

Check Details

Version: 0.1.0
Check: dependencies in R code
Result: NOTE
    Namespaces in Imports field not imported from:
     ‘rgdal’ ‘tidyr’
     All declared Imports should be used.
Flavors: r-devel-linux-x86_64-fedora-clang, r-devel-linux-x86_64-fedora-gcc, r-patched-solaris-x86, r-release-osx-x86_64, r-oldrel-osx-x86_64