Last updated on 2019-01-15 00:46:20 CET.
Flavor | Version | Tinstall | Tcheck | Ttotal | Status | Flags |
---|---|---|---|---|---|---|
r-devel-linux-x86_64-debian-clang | 1.2 | 32.42 | 32.26 | 64.68 | OK | |
r-devel-linux-x86_64-debian-gcc | 1.2 | 22.68 | 25.67 | 48.35 | OK | |
r-devel-linux-x86_64-fedora-clang | 1.2 | 82.98 | NOTE | |||
r-devel-linux-x86_64-fedora-gcc | 1.2 | 72.99 | OK | |||
r-devel-windows-ix86+x86_64 | 1.2 | 67.00 | 56.00 | 123.00 | OK | |
r-patched-linux-x86_64 | 1.2 | 28.21 | 29.19 | 57.40 | OK | |
r-patched-solaris-x86 | 1.2 | 127.50 | NOTE | |||
r-release-linux-x86_64 | 1.2 | 30.47 | 29.45 | 59.92 | OK | |
r-release-windows-ix86+x86_64 | 1.2 | 89.00 | 48.00 | 137.00 | OK | |
r-release-osx-x86_64 | 1.2 | OK | ||||
r-oldrel-windows-ix86+x86_64 | 1.2 | 79.00 | 57.00 | 136.00 | OK | |
r-oldrel-osx-x86_64 | 1.2 | OK |
Version: 1.2
Check: installed package size
Result: NOTE
installed size is 6.2Mb
sub-directories of 1Mb or more:
bin 2.5Mb
doc 1.1Mb
libs 2.5Mb
Flavors: r-devel-linux-x86_64-fedora-clang, r-patched-solaris-x86