Last updated on 2019-01-15 00:46:21 CET.
Flavor | Version | Tinstall | Tcheck | Ttotal | Status | Flags |
---|---|---|---|---|---|---|
r-devel-linux-x86_64-debian-clang | 1.1.2 | 2.30 | 54.35 | 56.65 | OK | |
r-devel-linux-x86_64-debian-gcc | 1.1.2 | 1.66 | 40.93 | 42.59 | OK | |
r-devel-linux-x86_64-fedora-clang | 1.1.2 | 65.39 | NOTE | |||
r-devel-linux-x86_64-fedora-gcc | 1.1.2 | 60.67 | NOTE | |||
r-devel-windows-ix86+x86_64 | 1.1.2 | 4.00 | 62.00 | 66.00 | OK | |
r-patched-linux-x86_64 | 1.1.2 | 1.94 | 49.78 | 51.72 | OK | |
r-patched-solaris-x86 | 1.1.2 | 91.80 | NOTE | |||
r-release-linux-x86_64 | 1.1.2 | 1.87 | 50.21 | 52.08 | OK | |
r-release-windows-ix86+x86_64 | 1.1.2 | 5.00 | 57.00 | 62.00 | OK | |
r-release-osx-x86_64 | 1.1.2 | NOTE | ||||
r-oldrel-windows-ix86+x86_64 | 1.1.2 | 5.00 | 71.00 | 76.00 | OK | |
r-oldrel-osx-x86_64 | 1.1.2 | NOTE |
Version: 1.1.2
Check: dependencies in R code
Result: NOTE
Namespace in Imports field not imported from: ‘tidyverse’
All declared Imports should be used.
Flavors: r-devel-linux-x86_64-fedora-clang, r-devel-linux-x86_64-fedora-gcc, r-patched-solaris-x86, r-release-osx-x86_64, r-oldrel-osx-x86_64