Last updated on 2019-01-15 00:46:21 CET.
Flavor | Version | Tinstall | Tcheck | Ttotal | Status | Flags |
---|---|---|---|---|---|---|
r-devel-linux-x86_64-debian-clang | 1.1.0 | 6.82 | 93.76 | 100.58 | OK | |
r-devel-linux-x86_64-debian-gcc | 1.1.0 | 5.97 | 72.74 | 78.71 | OK | |
r-devel-linux-x86_64-fedora-clang | 1.1.0 | 115.83 | NOTE | |||
r-devel-linux-x86_64-fedora-gcc | 1.1.0 | 110.65 | NOTE | |||
r-devel-windows-ix86+x86_64 | 1.1.0 | 13.00 | 101.00 | 114.00 | OK | |
r-patched-linux-x86_64 | 1.1.0 | 7.33 | 86.98 | 94.31 | OK | |
r-patched-solaris-x86 | 1.1.0 | 173.30 | NOTE | |||
r-release-linux-x86_64 | 1.1.0 | 6.71 | 88.04 | 94.75 | OK | |
r-release-windows-ix86+x86_64 | 1.1.0 | 16.00 | 95.00 | 111.00 | OK | |
r-release-osx-x86_64 | 1.1.0 | NOTE | ||||
r-oldrel-windows-ix86+x86_64 | 1.1.0 | 10.00 | 103.00 | 113.00 | OK | |
r-oldrel-osx-x86_64 | 1.1.0 | NOTE |
Version: 1.1.0
Check: dependencies in R code
Result: NOTE
Namespaces in Imports field not imported from:
‘doParallel’ ‘foreach’
All declared Imports should be used.
Flavors: r-devel-linux-x86_64-fedora-clang, r-devel-linux-x86_64-fedora-gcc, r-patched-solaris-x86, r-release-osx-x86_64, r-oldrel-osx-x86_64