Last updated on 2019-01-15 00:46:21 CET.
Flavor | Version | Tinstall | Tcheck | Ttotal | Status | Flags |
---|---|---|---|---|---|---|
r-devel-linux-x86_64-debian-clang | 1.0.4 | 4.73 | 22.22 | 26.95 | OK | |
r-devel-linux-x86_64-debian-gcc | 1.0.4 | 3.26 | 18.10 | 21.36 | OK | |
r-devel-linux-x86_64-fedora-clang | 1.0.4 | 31.45 | NOTE | |||
r-devel-linux-x86_64-fedora-gcc | 1.0.4 | 29.58 | NOTE | |||
r-devel-windows-ix86+x86_64 | 1.0.4 | 17.00 | 44.00 | 61.00 | NOTE | |
r-patched-linux-x86_64 | 1.0.4 | 4.19 | 20.93 | 25.12 | OK | |
r-patched-solaris-x86 | 1.0.4 | 48.50 | NOTE | |||
r-release-linux-x86_64 | 1.0.4 | 4.40 | 20.97 | 25.37 | OK | |
r-release-windows-ix86+x86_64 | 1.0.4 | 16.00 | 41.00 | 57.00 | NOTE | |
r-release-osx-x86_64 | 1.0.4 | NOTE | ||||
r-oldrel-windows-ix86+x86_64 | 1.0.4 | 18.00 | 38.00 | 56.00 | NOTE | |
r-oldrel-osx-x86_64 | 1.0.4 | NOTE |
Version: 1.0.4
Check: installed package size
Result: NOTE
installed size is 6.2Mb
sub-directories of 1Mb or more:
extdata 5.8Mb
Flavors: r-devel-linux-x86_64-fedora-clang, r-devel-windows-ix86+x86_64, r-patched-solaris-x86, r-release-windows-ix86+x86_64, r-release-osx-x86_64, r-oldrel-windows-ix86+x86_64, r-oldrel-osx-x86_64
Version: 1.0.4
Check: compiled code
Result: NOTE
File ‘cec2005benchmark/libs/cec2005benchmark.so’:
Found no calls to: ‘R_registerRoutines’, ‘R_useDynamicSymbols’
It is good practice to register native routines and to disable symbol
search.
See ‘Writing portable packages’ in the ‘Writing R Extensions’ manual.
Flavors: r-devel-linux-x86_64-fedora-clang, r-devel-linux-x86_64-fedora-gcc