CRAN Package Check Results for Package chicane

Last updated on 2019-01-15 00:46:21 CET.

Flavor Version Tinstall Tcheck Ttotal Status Flags
r-devel-linux-x86_64-debian-clang 0.1.0 6.74 213.22 219.96 WARN
r-devel-linux-x86_64-debian-gcc 0.1.0 5.28 244.33 249.61 OK
r-devel-linux-x86_64-fedora-clang 0.1.0 286.12 OK
r-devel-linux-x86_64-fedora-gcc 0.1.0 268.41 OK
r-devel-windows-ix86+x86_64 0.1.0 11.00 235.00 246.00 OK
r-patched-linux-x86_64 0.1.0 5.31 237.75 243.06 OK
r-patched-solaris-x86 0.1.0 441.40 OK
r-release-linux-x86_64 0.1.0 5.64 195.60 201.24 OK
r-release-windows-ix86+x86_64 0.1.0 17.00 232.00 249.00 OK
r-release-osx-x86_64 0.1.0 WARN
r-oldrel-windows-ix86+x86_64 0.1.0 10.00 273.00 283.00 OK
r-oldrel-osx-x86_64 0.1.0 WARN

Check Details

Version: 0.1.0
Check: package dependencies
Result: NOTE
    Packages suggested but not available for checking:
     'GenomicInteractions', 'Gviz'
Flavor: r-devel-linux-x86_64-debian-clang

Version: 0.1.0
Check: re-building of vignette outputs
Result: WARN
    Error(s) in re-building vignettes:
     ...
    --- re-building ‘Introduction.Rmd’ using rmarkdown
    --- finished re-building ‘Introduction.Rmd’
    
    --- re-building ‘Visualising_Interactions.Rmd’ using rmarkdown
    Quitting from lines 41-105 (Visualising_Interactions.Rmd)
    Error: processing vignette 'Visualising_Interactions.Rmd' failed with diagnostics:
    there is no package called 'GenomicInteractions'
    --- failed re-building ‘Visualising_Interactions.Rmd’
    
    SUMMARY: processing the following file failed:
     ‘Visualising_Interactions.Rmd’
    
    Error: Vignette re-building failed.
    Execution halted
Flavor: r-devel-linux-x86_64-debian-clang

Version: 0.1.0
Check: package dependencies
Result: NOTE
    Packages suggested but not available for checking:
     ‘GenomicInteractions’ ‘Gviz’
Flavors: r-release-osx-x86_64, r-oldrel-osx-x86_64

Version: 0.1.0
Check: re-building of vignette outputs
Result: WARN
    Error in re-building vignettes:
     ...
    Warning in engine$weave(file, quiet = quiet, encoding = enc) :
     Pandoc (>= 1.12.3) and/or pandoc-citeproc not available. Falling back to R Markdown v1.
    Warning in engine$weave(file, quiet = quiet, encoding = enc) :
     Pandoc (>= 1.12.3) and/or pandoc-citeproc not available. Falling back to R Markdown v1.
    Quitting from lines 41-105 (Visualising_Interactions.Rmd)
    Error: processing vignette 'Visualising_Interactions.Rmd' failed with diagnostics:
    there is no package called 'GenomicInteractions'
    Execution halted
Flavors: r-release-osx-x86_64, r-oldrel-osx-x86_64