CRAN Package Check Results for Package clubSandwich

Last updated on 2019-01-15 00:46:21 CET.

Flavor Version Tinstall Tcheck Ttotal Status Flags
r-devel-linux-x86_64-debian-clang 0.3.2 4.49 262.49 266.98 OK
r-devel-linux-x86_64-debian-gcc 0.3.2 3.11 197.62 200.73 ERROR
r-devel-linux-x86_64-fedora-clang 0.3.2 316.22 OK
r-devel-linux-x86_64-fedora-gcc 0.3.2 298.02 OK
r-devel-windows-ix86+x86_64 0.3.2 6.00 240.00 246.00 OK
r-patched-linux-x86_64 0.3.2 3.92 256.96 260.88 OK
r-patched-solaris-x86 0.3.2 513.90 OK
r-release-linux-x86_64 0.3.2 3.39 252.20 255.59 OK
r-release-windows-ix86+x86_64 0.3.2 8.00 236.00 244.00 OK
r-release-osx-x86_64 0.3.2 OK
r-oldrel-windows-ix86+x86_64 0.3.2 4.00 295.00 299.00 OK
r-oldrel-osx-x86_64 0.3.2 OK

Additional issues

MKL noLD

Check Details

Version: 0.3.2
Check: tests
Result: ERROR
     Running ‘testthat.R’ [149s/198s]
    Running the tests in ‘tests/testthat.R’ failed.
    Complete output:
     > library(testthat)
     > library(clubSandwich)
     Registered S3 method overwritten by 'clubSandwich':
     method from
     bread.mlm sandwich
     > set.seed(20171124)
     > test_check("clubSandwich")
     ── 1. Failure: Order doesn't matter. (@test_gls.R#99) ─────────────────────────
     lapply(CR_fit, as.matrix) not equal to lapply(CR_scramble, as.matrix).
     Component 1: Mean relative difference: 2.10145e-06
     Component 2: Mean relative difference: 2.10145e-06
     Component 3: Mean relative difference: 2.021017e-06
     Component 4: Mean relative difference: 2.095752e-06
     Component 5: Mean relative difference: 2.099637e-06
    
     ── 2. Failure: Order doesn't matter. (@test_gls.R#103) ────────────────────────
     `test_fit` not equal to `test_scramble`.
     Component 1: Component 3: Mean relative difference: 2.383236e-05
     Component 1: Component 4: Mean relative difference: 1.594435e-05
     Component 1: Component 6: Mean relative difference: 1.594495e-05
     Component 1: Component 8: Mean relative difference: 1.565205e-05
     Component 2: Component 3: Mean relative difference: 2.191329e-05
     Component 2: Component 4: Mean relative difference: 1.508021e-05
     Component 2: Component 6: Mean relative difference: 1.508065e-05
     Component 2: Component 8: Mean relative difference: 1.476861e-05
     Component 3: Component 3: Mean relative difference: 2.199334e-05
     ...
    
     ── 3. Failure: Order doesn't matter. (@test_gls.R#108) ────────────────────────
     `Wald_fit` not equal to `Wald_scramble`.
     Component 1: Component 1: Mean relative difference: 6.672163e-07
     Component 1: Component 4: Mean relative difference: 2.587564e-06
     Component 2: Component 1: Mean relative difference: 3.038259e-06
     Component 3: Component 1: Mean relative difference: 6.403923e-07
     Component 3: Component 4: Mean relative difference: 3.769886e-06
    
     ══ testthat results ═══════════════════════════════════════════════════════════
     OK: 663 SKIPPED: 6 FAILED: 3
     1. Failure: Order doesn't matter. (@test_gls.R#99)
     2. Failure: Order doesn't matter. (@test_gls.R#103)
     3. Failure: Order doesn't matter. (@test_gls.R#108)
    
     Error: testthat unit tests failed
     Execution halted
Flavor: r-devel-linux-x86_64-debian-gcc