Last updated on 2019-01-15 00:46:22 CET.
Flavor | Version | Tinstall | Tcheck | Ttotal | Status | Flags |
---|---|---|---|---|---|---|
r-devel-linux-x86_64-debian-clang | 2.3 | 0.81 | 17.90 | 18.71 | NOTE | |
r-devel-linux-x86_64-debian-gcc | 2.3 | 0.79 | 14.35 | 15.14 | NOTE | |
r-devel-linux-x86_64-fedora-clang | 2.3 | 22.60 | NOTE | |||
r-devel-linux-x86_64-fedora-gcc | 2.3 | 21.15 | NOTE | |||
r-devel-windows-ix86+x86_64 | 2.3 | 2.00 | 30.00 | 32.00 | NOTE | |
r-patched-linux-x86_64 | 2.3 | 0.75 | 16.61 | 17.36 | NOTE | |
r-patched-solaris-x86 | 2.3 | 33.90 | NOTE | |||
r-release-linux-x86_64 | 2.3 | 0.81 | 16.70 | 17.51 | NOTE | |
r-release-windows-ix86+x86_64 | 2.3 | 2.00 | 27.00 | 29.00 | NOTE | |
r-release-osx-x86_64 | 2.3 | NOTE | ||||
r-oldrel-windows-ix86+x86_64 | 2.3 | 2.00 | 28.00 | 30.00 | NOTE | |
r-oldrel-osx-x86_64 | 2.3 | NOTE |
Version: 2.3
Check: DESCRIPTION meta-information
Result: NOTE
Malformed Description field: should contain one or more complete sentences.
Flavors: r-devel-linux-x86_64-debian-clang, r-devel-linux-x86_64-debian-gcc, r-devel-linux-x86_64-fedora-clang, r-devel-linux-x86_64-fedora-gcc, r-devel-windows-ix86+x86_64, r-patched-linux-x86_64, r-patched-solaris-x86, r-release-linux-x86_64, r-release-windows-ix86+x86_64, r-release-osx-x86_64, r-oldrel-windows-ix86+x86_64, r-oldrel-osx-x86_64
Version: 2.3
Check: R code for possible problems
Result: NOTE
primary.colors: no visible global function definition for ‘rgb’
rgb.tables: no visible global function definition for ‘rgb’
ygobb: no visible global function definition for ‘approx’
ygobb: no visible global function definition for ‘rgb’
Undefined global functions or variables:
approx rgb
Consider adding
importFrom("grDevices", "rgb")
importFrom("stats", "approx")
to your NAMESPACE file.
Flavors: r-devel-linux-x86_64-debian-clang, r-devel-linux-x86_64-debian-gcc, r-devel-linux-x86_64-fedora-clang, r-devel-linux-x86_64-fedora-gcc, r-devel-windows-ix86+x86_64, r-patched-linux-x86_64, r-patched-solaris-x86, r-release-linux-x86_64, r-release-windows-ix86+x86_64, r-release-osx-x86_64, r-oldrel-windows-ix86+x86_64, r-oldrel-osx-x86_64