Last updated on 2019-01-15 00:46:22 CET.
Flavor | Version | Tinstall | Tcheck | Ttotal | Status | Flags |
---|---|---|---|---|---|---|
r-devel-linux-x86_64-debian-clang | 0.1.0 | 181.33 | 109.78 | 291.11 | OK | |
r-devel-linux-x86_64-debian-gcc | 0.1.0 | 181.52 | 85.78 | 267.30 | OK | |
r-devel-linux-x86_64-fedora-clang | 0.1.0 | 436.44 | NOTE | |||
r-devel-linux-x86_64-fedora-gcc | 0.1.0 | 397.67 | NOTE | |||
r-devel-windows-ix86+x86_64 | 0.1.0 | 411.00 | 192.00 | 603.00 | OK | |
r-patched-linux-x86_64 | 0.1.0 | 216.88 | 107.50 | 324.38 | OK | |
r-patched-solaris-x86 | 0.1.0 | 402.50 | NOTE | |||
r-release-linux-x86_64 | 0.1.0 | 221.69 | 107.47 | 329.16 | OK | |
r-release-windows-ix86+x86_64 | 0.1.0 | 550.00 | 204.00 | 754.00 | OK | |
r-release-osx-x86_64 | 0.1.0 | NOTE | ||||
r-oldrel-windows-ix86+x86_64 | 0.1.0 | 410.00 | 228.00 | 638.00 | OK | |
r-oldrel-osx-x86_64 | 0.1.0 | NOTE |
clang-UBSAN gcc-UBSAN valgrind
Version: 0.1.0
Check: installed package size
Result: NOTE
installed size is 22.7Mb
sub-directories of 1Mb or more:
libs 22.2Mb
Flavors: r-devel-linux-x86_64-fedora-clang, r-release-osx-x86_64, r-oldrel-osx-x86_64
Version: 0.1.0
Check: dependencies in R code
Result: NOTE
Namespaces in Imports field not imported from:
‘R6’ ‘checkmate’ ‘methods’
All declared Imports should be used.
Flavors: r-devel-linux-x86_64-fedora-clang, r-devel-linux-x86_64-fedora-gcc, r-patched-solaris-x86, r-release-osx-x86_64, r-oldrel-osx-x86_64