CRAN Package Check Results for Package coxsei

Last updated on 2019-01-15 00:46:22 CET.

Flavor Version Tinstall Tcheck Ttotal Status Flags
r-devel-linux-x86_64-debian-clang 0.1 2.46 56.42 58.88 NOTE
r-devel-linux-x86_64-debian-gcc 0.1 2.02 43.11 45.13 NOTE
r-devel-linux-x86_64-fedora-clang 0.1 69.21 NOTE
r-devel-linux-x86_64-fedora-gcc 0.1 64.54 NOTE
r-devel-windows-ix86+x86_64 0.1 9.00 110.00 119.00 NOTE
r-patched-linux-x86_64 0.1 2.52 51.75 54.27 NOTE
r-patched-solaris-x86 0.1 85.30 NOTE
r-release-linux-x86_64 0.1 2.11 51.98 54.09 NOTE
r-release-windows-ix86+x86_64 0.1 8.00 107.00 115.00 NOTE
r-release-osx-x86_64 0.1 NOTE
r-oldrel-windows-ix86+x86_64 0.1 8.00 94.00 102.00 NOTE
r-oldrel-osx-x86_64 0.1 NOTE

Check Details

Version: 0.1
Check: R code for possible problems
Result: NOTE
    CumInt : fn: no visible global function definition for ‘integrate’
    RND0: no visible global function definition for ‘runif’
    coxseiInt: no visible global function definition for ‘approxfun’
    coxseiInt : js: no visible global function definition for ‘tail’
    coxseiest: no visible global function definition for ‘approxfun’
    coxseiest : loglik : ll: no visible global function definition for
     ‘tail’
    coxseiest: no visible global function definition for ‘optim’
    coxseiest2: no visible global function definition for ‘approxfun’
    coxseiest2: no visible global function definition for ‘optim’
    coxseiest3: no visible global function definition for ‘approxfun’
    coxseiest3: no visible global function definition for ‘optim’
    coxseiexp: no visible global function definition for ‘approxfun’
    coxseiexp: no visible global function definition for ‘optim’
    coxseiexp : js: no visible global function definition for ‘tail’
    coxseiexp: no visible global function definition for ‘pnorm’
    coxseiexp: no visible global function definition for ‘stepfun’
    coxseifit.ex: no visible global function definition for ‘approxfun’
    coxseifit.ex: no visible global function definition for ‘optim’
    coxseifit.ex : js: no visible global function definition for ‘tail’
    coxseifit.ex: no visible global function definition for ‘pnorm’
    coxseifit.ex: no visible global function definition for ‘stepfun’
    coxseisim : int.at.lasttm: no visible global function definition for
     ‘tail’
    plot.coxsei: no visible global function definition for ‘plot’
    print.summary.coxsei: no visible global function definition for
     ‘printCoefmat’
    summary.coxsei: no visible global function definition for ‘coef’
    Undefined global functions or variables:
     approxfun coef integrate optim plot pnorm printCoefmat runif stepfun
     tail
    Consider adding
     importFrom("graphics", "plot")
     importFrom("stats", "approxfun", "coef", "integrate", "optim", "pnorm",
     "printCoefmat", "runif", "stepfun")
     importFrom("utils", "tail")
    to your NAMESPACE file.
Flavors: r-devel-linux-x86_64-debian-clang, r-devel-linux-x86_64-debian-gcc, r-devel-linux-x86_64-fedora-clang, r-devel-linux-x86_64-fedora-gcc, r-devel-windows-ix86+x86_64, r-patched-linux-x86_64, r-patched-solaris-x86, r-release-linux-x86_64, r-release-windows-ix86+x86_64, r-release-osx-x86_64, r-oldrel-windows-ix86+x86_64, r-oldrel-osx-x86_64

Version: 0.1
Check: compiled code
Result: NOTE
    File ‘coxsei/libs/coxsei.so’:
     Found no calls to: ‘R_registerRoutines’, ‘R_useDynamicSymbols’
    
    It is good practice to register native routines and to disable symbol
    search.
    
    See ‘Writing portable packages’ in the ‘Writing R Extensions’ manual.
Flavors: r-devel-linux-x86_64-fedora-clang, r-devel-linux-x86_64-fedora-gcc