Last updated on 2019-01-15 00:46:22 CET.
Flavor | Version | Tinstall | Tcheck | Ttotal | Status | Flags |
---|---|---|---|---|---|---|
r-devel-linux-x86_64-debian-clang | 0.1.0 | 7.02 | 87.72 | 94.74 | OK | |
r-devel-linux-x86_64-debian-gcc | 0.1.0 | 5.10 | 66.35 | 71.45 | OK | |
r-devel-linux-x86_64-fedora-clang | 0.1.0 | 110.06 | OK | |||
r-devel-linux-x86_64-fedora-gcc | 0.1.0 | 103.12 | OK | |||
r-devel-windows-ix86+x86_64 | 0.1.0 | 11.00 | 103.00 | 114.00 | OK | |
r-patched-linux-x86_64 | 0.1.0 | 5.72 | 80.59 | 86.31 | NOTE | |
r-patched-solaris-x86 | 0.1.0 | 159.80 | OK | |||
r-release-linux-x86_64 | 0.1.0 | 5.62 | 80.85 | 86.47 | NOTE | |
r-release-windows-ix86+x86_64 | 0.1.0 | 17.00 | 94.00 | 111.00 | OK | |
r-release-osx-x86_64 | 0.1.0 | OK | ||||
r-oldrel-windows-ix86+x86_64 | 0.1.0 | 12.00 | 110.00 | 122.00 | OK | |
r-oldrel-osx-x86_64 | 0.1.0 | OK |
Version: 0.1.0
Check: DESCRIPTION meta-information
Result: NOTE
Dependence on R version ‘3.3.2’ not with patchlevel 0
Flavors: r-patched-linux-x86_64, r-release-linux-x86_64