CRAN Package Check Results for Package decode

Last updated on 2019-01-15 00:46:23 CET.

Flavor Version Tinstall Tcheck Ttotal Status Flags
r-devel-linux-x86_64-debian-clang 1.2 1.75 24.93 26.68 OK
r-devel-linux-x86_64-debian-gcc 1.2 1.71 19.42 21.13 OK
r-devel-linux-x86_64-fedora-clang 1.2 32.15 NOTE
r-devel-linux-x86_64-fedora-gcc 1.2 29.43 OK
r-devel-windows-ix86+x86_64 1.2 4.00 36.00 40.00 OK
r-patched-linux-x86_64 1.2 1.88 22.56 24.44 OK
r-patched-solaris-x86 1.2 45.50 NOTE
r-release-linux-x86_64 1.2 2.02 22.62 24.64 OK
r-release-windows-ix86+x86_64 1.2 6.00 36.00 42.00 OK
r-release-osx-x86_64 1.2 OK
r-oldrel-windows-ix86+x86_64 1.2 4.00 46.00 50.00 OK
r-oldrel-osx-x86_64 1.2 OK

Check Details

Version: 1.2
Check: installed package size
Result: NOTE
     installed size is 5.0Mb
     sub-directories of 1Mb or more:
     extdata 4.8Mb
Flavors: r-devel-linux-x86_64-fedora-clang, r-patched-solaris-x86