CRAN Package Check Results for Package diffdepprop

Last updated on 2019-01-15 00:46:24 CET.

Flavor Version Tinstall Tcheck Ttotal Status Flags
r-devel-linux-x86_64-debian-clang 0.1-9 1.83 21.86 23.69 NOTE
r-devel-linux-x86_64-debian-gcc 0.1-9 1.89 17.38 19.27 NOTE
r-devel-linux-x86_64-fedora-clang 0.1-9 30.59 NOTE
r-devel-linux-x86_64-fedora-gcc 0.1-9 27.91 NOTE
r-devel-windows-ix86+x86_64 0.1-9 4.00 35.00 39.00 NOTE
r-patched-linux-x86_64 0.1-9 2.13 20.14 22.27 NOTE
r-patched-solaris-x86 0.1-9 40.30 NOTE
r-release-linux-x86_64 0.1-9 2.17 20.42 22.59 NOTE
r-release-windows-ix86+x86_64 0.1-9 6.00 32.00 38.00 NOTE
r-release-osx-x86_64 0.1-9 NOTE
r-oldrel-windows-ix86+x86_64 0.1-9 3.00 36.00 39.00 NOTE
r-oldrel-osx-x86_64 0.1-9 NOTE

Check Details

Version: 0.1-9
Check: dependencies in R code
Result: NOTE
    Packages in Depends field not imported from:
     ‘PropCIs’ ‘gee’ ‘rootSolve’
     These packages need to be imported from (in the NAMESPACE file)
     for when this namespace is loaded but not attached.
Flavors: r-devel-linux-x86_64-debian-clang, r-devel-linux-x86_64-debian-gcc, r-devel-linux-x86_64-fedora-clang, r-devel-linux-x86_64-fedora-gcc, r-devel-windows-ix86+x86_64, r-patched-linux-x86_64, r-patched-solaris-x86, r-release-linux-x86_64, r-release-windows-ix86+x86_64, r-release-osx-x86_64, r-oldrel-windows-ix86+x86_64, r-oldrel-osx-x86_64

Version: 0.1-9
Check: R code for possible problems
Result: NOTE
    diffpci: no visible global function definition for ‘diffpropci.Wald.mp’
    diffpci: no visible global function definition for ‘diffpropci.mp’
    diffpci: no visible global function definition for ‘scoreci.mp’
    exact.cond : exactci: no visible global function definition for ‘qf’
    exact.midp : binom.midp : f.low: no visible global function definition
     for ‘dbinom’
    exact.midp : binom.midp : f.low: no visible global function definition
     for ‘pbinom’
    exact.midp : binom.midp : f.up: no visible global function definition
     for ‘dbinom’
    exact.midp : binom.midp : f.up: no visible global function definition
     for ‘pbinom’
    exact.midp : binom.midp : one.ci: no visible global function definition
     for ‘uniroot’
    np.nv: no visible global function definition for ‘qnorm’
    np.t: no visible global function definition for ‘qt’
    uncond: no visible global function definition for ‘qnorm’
    wald.cc: no visible global function definition for ‘qnorm’
    wilson: no visible global function definition for ‘qnorm’
    wilson: no visible global function definition for ‘uniroot.all’
    wilson.cc: no visible global function definition for ‘qnorm’
    wilson.cc: no visible global function definition for ‘uniroot.all’
    wilson.phi: no visible global function definition for ‘qnorm’
    wilson.phi: no visible global function definition for ‘uniroot.all’
    Undefined global functions or variables:
     dbinom diffpropci.Wald.mp diffpropci.mp pbinom qf qnorm qt scoreci.mp
     uniroot uniroot.all
    Consider adding
     importFrom("stats", "dbinom", "pbinom", "qf", "qnorm", "qt", "uniroot")
    to your NAMESPACE file.
Flavors: r-devel-linux-x86_64-debian-clang, r-devel-linux-x86_64-debian-gcc, r-devel-linux-x86_64-fedora-clang, r-devel-linux-x86_64-fedora-gcc, r-devel-windows-ix86+x86_64, r-patched-linux-x86_64, r-patched-solaris-x86, r-release-linux-x86_64, r-release-windows-ix86+x86_64, r-release-osx-x86_64, r-oldrel-windows-ix86+x86_64, r-oldrel-osx-x86_64