Last updated on 2019-01-15 00:46:25 CET.
Flavor | Version | Tinstall | Tcheck | Ttotal | Status | Flags |
---|---|---|---|---|---|---|
r-devel-linux-x86_64-debian-clang | 1.1 | 12.08 | 34.27 | 46.35 | OK | |
r-devel-linux-x86_64-debian-gcc | 1.1 | 9.30 | 26.59 | 35.89 | OK | |
r-devel-linux-x86_64-fedora-clang | 1.1 | 60.56 | OK | |||
r-devel-linux-x86_64-fedora-gcc | 1.1 | 51.89 | OK | |||
r-devel-windows-ix86+x86_64 | 1.1 | 25.00 | 63.00 | 88.00 | OK | |
r-patched-linux-x86_64 | 1.1 | 10.03 | 32.41 | 42.44 | OK | |
r-patched-solaris-x86 | 1.1 | 92.10 | OK | |||
r-release-linux-x86_64 | 1.1 | 10.49 | 31.77 | 42.26 | OK | |
r-release-windows-ix86+x86_64 | 1.1 | 41.00 | 60.00 | 101.00 | OK | |
r-release-osx-x86_64 | 1.1 | OK | ||||
r-oldrel-windows-ix86+x86_64 | 1.1 | 35.00 | 74.00 | 109.00 | NOTE | |
r-oldrel-osx-x86_64 | 1.0 | OK |
Version: 1.1
Check: R code for possible problems
Result: NOTE
effectFusion: no visible global function definition for 'isFALSE'
Undefined global functions or variables:
isFALSE
Flavor: r-oldrel-windows-ix86+x86_64