Last updated on 2019-01-15 00:46:26 CET.
Flavor | Version | Tinstall | Tcheck | Ttotal | Status | Flags |
---|---|---|---|---|---|---|
r-devel-linux-x86_64-debian-clang | 0.1.8 | 6.56 | 362.39 | 368.95 | OK | |
r-devel-linux-x86_64-debian-gcc | 0.1.8 | 3.94 | 276.80 | 280.74 | OK | |
r-devel-linux-x86_64-fedora-clang | 0.1.8 | 432.94 | OK | |||
r-devel-linux-x86_64-fedora-gcc | 0.1.8 | 412.36 | OK | |||
r-devel-windows-ix86+x86_64 | 0.1.8 | 11.00 | 322.00 | 333.00 | NOTE | |
r-patched-linux-x86_64 | 0.1.8 | 5.88 | 327.12 | 333.00 | OK | |
r-patched-solaris-x86 | 0.1.8 | 634.70 | OK | |||
r-release-linux-x86_64 | 0.1.8 | 4.80 | 331.05 | 335.85 | OK | |
r-release-windows-ix86+x86_64 | 0.1.8 | 19.00 | 335.00 | 354.00 | NOTE | |
r-release-osx-x86_64 | 0.1.8 | OK | ||||
r-oldrel-windows-ix86+x86_64 | 0.1.8 | 10.00 | 384.00 | 394.00 | NOTE | |
r-oldrel-osx-x86_64 | 0.1.8 | OK |
Version: 0.1.8
Check: package dependencies
Result: NOTE
Package suggested but not available for checking: 'doMC'
Flavors: r-devel-windows-ix86+x86_64, r-release-windows-ix86+x86_64, r-oldrel-windows-ix86+x86_64