Last updated on 2019-01-15 00:46:27 CET.
Flavor | Version | Tinstall | Tcheck | Ttotal | Status | Flags |
---|---|---|---|---|---|---|
r-devel-linux-x86_64-debian-clang | 1.0.2 | 10.23 | 586.18 | 596.41 | OK | |
r-devel-linux-x86_64-debian-gcc | 1.0.2 | 5.91 | 649.96 | 655.87 | WARN | |
r-devel-linux-x86_64-fedora-clang | 1.0.2 | 328.81 | OK | |||
r-devel-linux-x86_64-fedora-gcc | 1.0.2 | 268.38 | OK | |||
r-devel-windows-ix86+x86_64 | 1.0.2 | 25.00 | 324.00 | 349.00 | OK | |
r-patched-linux-x86_64 | 1.0.2 | 7.24 | 658.89 | 666.13 | WARN | |
r-patched-solaris-x86 | 1.0.2 | 649.60 | OK | |||
r-release-linux-x86_64 | 1.0.2 | 7.32 | 26.25 | 33.57 | OK | --no-vignettes |
r-release-windows-ix86+x86_64 | 1.0.2 | 32.00 | 291.00 | 323.00 | OK | |
r-release-osx-x86_64 | 1.0.2 | OK | ||||
r-oldrel-windows-ix86+x86_64 | 1.0.2 | 28.00 | 322.00 | 350.00 | OK | |
r-oldrel-osx-x86_64 | 1.0.2 | OK |
Version: 1.0.2
Check: re-building of vignette outputs
Result: WARN
Error(s) in re-building vignettes:
...
--- re-building ‘documentation.Rmd’ using rmarkdown
Killed
Flavor: r-devel-linux-x86_64-debian-gcc
Version: 1.0.2
Check: re-building of vignette outputs
Result: WARN
Error in re-building vignettes:
...
Killed
Flavor: r-patched-linux-x86_64