CRAN Package Check Results for Package forecast

Last updated on 2019-01-15 00:46:27 CET.

Flavor Version Tinstall Tcheck Ttotal Status Flags
r-devel-linux-x86_64-debian-clang 8.4 100.25 315.45 415.70 ERROR
r-devel-linux-x86_64-debian-gcc 8.4 88.77 228.04 316.81 ERROR
r-devel-linux-x86_64-fedora-clang 8.4 534.17 ERROR
r-devel-linux-x86_64-fedora-gcc 8.4 502.75 ERROR
r-devel-windows-ix86+x86_64 8.4 204.00 568.00 772.00 WARN
r-patched-linux-x86_64 8.4 106.55 294.68 401.23 ERROR
r-patched-solaris-x86 8.4 603.00 OK
r-release-linux-x86_64 8.4 103.92 306.39 410.31 OK
r-release-windows-ix86+x86_64 8.4 273.00 573.00 846.00 WARN
r-release-osx-x86_64 8.4 OK
r-oldrel-windows-ix86+x86_64 8.4 213.00 608.00 821.00 WARN
r-oldrel-osx-x86_64 8.4 OK

Additional issues

noLD

Check Details

Version: 8.4
Check: dependencies in R code
Result: NOTE
    Missing or unexported object: ‘colorspace::coerce’
Flavors: r-devel-linux-x86_64-debian-clang, r-devel-linux-x86_64-debian-gcc, r-devel-linux-x86_64-fedora-clang, r-devel-linux-x86_64-fedora-gcc, r-patched-linux-x86_64

Version: 8.4
Check: examples
Result: ERROR
    Running examples in ‘forecast-Ex.R’ failed
    The error most likely occurred in:
    
    > base::assign(".ptime", proc.time(), pos = "CheckExEnv")
    > ### Name: plot.forecast
    > ### Title: Forecast plot
    > ### Aliases: plot.forecast autoplot.forecast autoplot.splineforecast
    > ### autolayer.forecast plot.splineforecast
    > ### Keywords: ts
    >
    > ### ** Examples
    >
    > library(ggplot2)
    >
    > wine.fit <- hw(wineind,h=48)
    > plot(wine.fit)
    > autoplot(wine.fit)
    >
    > fit <- tslm(wineind ~ fourier(wineind,4))
    > fcast <- forecast(fit, newdata=data.frame(fourier(wineind,4,20)))
    > autoplot(fcast)
    >
    > fcast <- splinef(airmiles,h=5)
    > plot(fcast)
    > autoplot(fcast)
    Error: 'coerce' is not an exported object from 'namespace:colorspace'
    Execution halted
Flavors: r-devel-linux-x86_64-debian-clang, r-devel-linux-x86_64-debian-gcc, r-patched-linux-x86_64

Version: 8.4
Check: examples
Result: ERROR
    Running examples in ‘forecast-Ex.R’ failed
    The error most likely occurred in:
    
    > ### Name: plot.forecast
    > ### Title: Forecast plot
    > ### Aliases: plot.forecast autoplot.forecast autoplot.splineforecast
    > ### autolayer.forecast plot.splineforecast
    > ### Keywords: ts
    >
    > ### ** Examples
    >
    > library(ggplot2)
    >
    > wine.fit <- hw(wineind,h=48)
    > plot(wine.fit)
    > autoplot(wine.fit)
    >
    > fit <- tslm(wineind ~ fourier(wineind,4))
    > fcast <- forecast(fit, newdata=data.frame(fourier(wineind,4,20)))
    > autoplot(fcast)
    >
    > fcast <- splinef(airmiles,h=5)
    > plot(fcast)
    > autoplot(fcast)
    Error: 'coerce' is not an exported object from 'namespace:colorspace'
    Execution halted
Flavors: r-devel-linux-x86_64-fedora-clang, r-devel-linux-x86_64-fedora-gcc

Version: 8.4
Check: re-building of vignette outputs
Result: WARN
    Error(s) in re-building vignettes:
    --- re-building 'JSS2008.Rmd' using rmarkdown
    Error: processing vignette 'JSS2008.Rmd' failed with diagnostics:
    pandoc version 2.2 or higher is required and was not found (see the help page ?rmarkdown::pandoc_available).
    --- failed re-building 'JSS2008.Rmd'
    
    SUMMARY: processing the following file failed:
     'JSS2008.Rmd'
    
    Error: Vignette re-building failed.
    Execution halted
Flavor: r-devel-windows-ix86+x86_64

Version: 8.4
Check: re-building of vignette outputs
Result: WARN
    Error in re-building vignettes:
     ...
    Error: processing vignette 'JSS2008.Rmd' failed with diagnostics:
    pandoc version 2.2 or higher is required and was not found (see the help page ?rmarkdown::pandoc_available).
    Execution halted
Flavors: r-release-windows-ix86+x86_64, r-oldrel-windows-ix86+x86_64