Last updated on 2019-01-15 00:46:27 CET.
Flavor | Version | Tinstall | Tcheck | Ttotal | Status | Flags |
---|---|---|---|---|---|---|
r-devel-linux-x86_64-debian-clang | 0.9.1 | 7.91 | 211.21 | 219.12 | OK | |
r-devel-linux-x86_64-debian-gcc | 0.9.1 | 7.35 | 159.83 | 167.18 | OK | |
r-devel-linux-x86_64-fedora-clang | 0.9.1 | 258.62 | OK | |||
r-devel-linux-x86_64-fedora-gcc | 0.9.1 | 237.30 | OK | |||
r-devel-windows-ix86+x86_64 | 0.9.1 | 13.00 | 224.00 | 237.00 | OK | |
r-patched-linux-x86_64 | 0.9.1 | 7.46 | 138.79 | 146.25 | OK | |
r-patched-solaris-x86 | 0.9.1 | 228.10 | OK | |||
r-release-linux-x86_64 | 0.9.1 | 6.39 | 140.48 | 146.87 | OK | |
r-release-windows-ix86+x86_64 | 0.9.1 | 22.00 | 155.00 | 177.00 | OK | |
r-release-osx-x86_64 | 0.9.1 | OK | ||||
r-oldrel-windows-ix86+x86_64 | 0.9.1 | 7.00 | 209.00 | 216.00 | OK | |
r-oldrel-osx-x86_64 | 0.9.0 | NOTE |
Version: 0.9.0
Check: dependencies in R code
Result: NOTE
Namespaces in Imports field not imported from:
‘covr’ ‘curl’ ‘graphics’ ‘htmltools’ ‘psych’ ‘rmarkdown’ ‘scales’
All declared Imports should be used.
Flavor: r-oldrel-osx-x86_64