Last updated on 2019-01-15 00:46:27 CET.
Flavor | Version | Tinstall | Tcheck | Ttotal | Status | Flags |
---|---|---|---|---|---|---|
r-devel-linux-x86_64-debian-clang | 1.2.6 | 75.37 | 41.27 | 116.64 | NOTE | |
r-devel-linux-x86_64-debian-gcc | 1.2.6 | 58.00 | 32.30 | 90.30 | NOTE | |
r-devel-linux-x86_64-fedora-clang | 1.2.6 | 164.18 | NOTE | |||
r-devel-linux-x86_64-fedora-gcc | 1.2.6 | 143.93 | NOTE | |||
r-devel-windows-ix86+x86_64 | 1.2.6 | 198.00 | 69.00 | 267.00 | NOTE | |
r-patched-linux-x86_64 | 1.2.6 | 75.44 | 37.73 | 113.17 | NOTE | |
r-patched-solaris-x86 | 1.2.6 | 133.00 | NOTE | |||
r-release-linux-x86_64 | 1.2.6 | 76.67 | 38.60 | 115.27 | NOTE | |
r-release-windows-ix86+x86_64 | 1.2.6 | 255.00 | 74.00 | 329.00 | NOTE | |
r-release-osx-x86_64 | 1.2.6 | NOTE | ||||
r-oldrel-windows-ix86+x86_64 | 1.2.6 | 187.00 | 71.00 | 258.00 | NOTE | |
r-oldrel-osx-x86_64 | 1.2.6 | NOTE |
Version: 1.2.6
Check: for GNU extensions in Makefiles
Result: NOTE
GNU make is a SystemRequirements.
Flavors: r-devel-linux-x86_64-debian-clang, r-devel-linux-x86_64-debian-gcc, r-devel-linux-x86_64-fedora-clang, r-devel-linux-x86_64-fedora-gcc, r-devel-windows-ix86+x86_64, r-patched-linux-x86_64, r-patched-solaris-x86, r-release-linux-x86_64, r-release-windows-ix86+x86_64, r-release-osx-x86_64, r-oldrel-windows-ix86+x86_64, r-oldrel-osx-x86_64