Last updated on 2019-01-15 00:46:28 CET.
Flavor | Version | Tinstall | Tcheck | Ttotal | Status | Flags |
---|---|---|---|---|---|---|
r-devel-linux-x86_64-debian-clang | 0.1.0.4 | 227.92 | 54.88 | 282.80 | NOTE | |
r-devel-linux-x86_64-debian-gcc | 0.1.0.4 | 203.95 | 42.21 | 246.16 | NOTE | |
r-devel-linux-x86_64-fedora-clang | 0.1.0.4 | 425.76 | NOTE | |||
r-devel-linux-x86_64-fedora-gcc | 0.1.0.4 | 392.86 | NOTE | |||
r-devel-windows-ix86+x86_64 | 0.1.0.4 | 451.00 | 104.00 | 555.00 | NOTE | |
r-patched-linux-x86_64 | 0.1.0.4 | 248.03 | 51.00 | 299.03 | NOTE | |
r-patched-solaris-x86 | 0.1.0.4 | 348.20 | NOTE | |||
r-release-linux-x86_64 | 0.1.0.4 | 246.24 | 51.04 | 297.28 | NOTE | |
r-release-windows-ix86+x86_64 | 0.1.0.4 | 499.00 | 100.00 | 599.00 | NOTE | |
r-release-osx-x86_64 | 0.1.0.4 | NOTE | ||||
r-oldrel-windows-ix86+x86_64 | 0.1.0.4 | 509.00 | 113.00 | 622.00 | NOTE | |
r-oldrel-osx-x86_64 | 0.1.0.4 | NOTE |
Version: 0.1.0.4
Check: for GNU extensions in Makefiles
Result: NOTE
GNU make is a SystemRequirements.
Flavors: r-devel-linux-x86_64-debian-clang, r-devel-linux-x86_64-debian-gcc, r-devel-linux-x86_64-fedora-clang, r-devel-linux-x86_64-fedora-gcc, r-devel-windows-ix86+x86_64, r-patched-linux-x86_64, r-patched-solaris-x86, r-release-linux-x86_64, r-release-windows-ix86+x86_64, r-release-osx-x86_64, r-oldrel-windows-ix86+x86_64, r-oldrel-osx-x86_64
Version: 0.1.0.4
Check: installed package size
Result: NOTE
installed size is 18.3Mb
sub-directories of 1Mb or more:
doc 1.2Mb
libs 16.9Mb
Flavors: r-devel-linux-x86_64-fedora-clang, r-devel-windows-ix86+x86_64, r-release-windows-ix86+x86_64, r-release-osx-x86_64, r-oldrel-windows-ix86+x86_64, r-oldrel-osx-x86_64
Version: 0.1.0.4
Check: compiled code
Result: NOTE
File ‘gbp/libs/gbp.so’:
Found no calls to: ‘R_registerRoutines’, ‘R_useDynamicSymbols’
It is good practice to register native routines and to disable symbol
search.
See ‘Writing portable packages’ in the ‘Writing R Extensions’ manual.
Flavors: r-devel-linux-x86_64-fedora-clang, r-devel-linux-x86_64-fedora-gcc