CRAN Package Check Results for Package genBart

Last updated on 2019-01-15 00:46:28 CET.

Flavor Version Tinstall Tcheck Ttotal Status Flags
r-devel-linux-x86_64-debian-clang 1.0.1 122.84 370.24 493.08 OK
r-devel-linux-x86_64-debian-gcc 1.0.1 119.65 267.58 387.23 OK
r-devel-linux-x86_64-fedora-clang 1.0.1 671.34 NOTE
r-devel-linux-x86_64-fedora-gcc 1.0.1 619.59 NOTE
r-devel-windows-ix86+x86_64 1.0.1 172.00 369.00 541.00 OK
r-patched-linux-x86_64 1.0.1 125.76 350.54 476.30 OK
r-patched-solaris-x86 1.0.1 1116.10 NOTE
r-release-linux-x86_64 1.0.1 122.20 349.82 472.02 OK
r-release-windows-ix86+x86_64 1.0.1 179.00 350.00 529.00 OK
r-release-osx-x86_64 1.0.1 NOTE
r-oldrel-windows-ix86+x86_64 1.0.1 166.00 396.00 562.00 OK
r-oldrel-osx-x86_64 1.0.1 NOTE

Check Details

Version: 1.0.1
Check: dependencies in R code
Result: NOTE
    Namespaces in Imports field not imported from:
     ‘NMF’ ‘RColorBrewer’ ‘VennDiagram’ ‘clValid’ ‘data.table’ ‘grid’
     ‘gtools’ ‘pca3d’ ‘rmarkdown’ ‘scales’ ‘shinydashboard’ ‘shinyjs’
     ‘statmod’ ‘stringr’
     All declared Imports should be used.
Flavors: r-devel-linux-x86_64-fedora-clang, r-devel-linux-x86_64-fedora-gcc, r-patched-solaris-x86, r-release-osx-x86_64, r-oldrel-osx-x86_64