Last updated on 2019-01-15 00:46:28 CET.
Flavor | Version | Tinstall | Tcheck | Ttotal | Status | Flags |
---|---|---|---|---|---|---|
r-devel-linux-x86_64-debian-clang | 0.1.0 | 1.99 | 35.31 | 37.30 | OK | |
r-devel-linux-x86_64-debian-gcc | 0.1.0 | 1.62 | 27.76 | 29.38 | OK | |
r-devel-linux-x86_64-fedora-clang | 0.1.0 | 44.33 | OK | |||
r-devel-linux-x86_64-fedora-gcc | 0.1.0 | 41.04 | OK | |||
r-devel-windows-ix86+x86_64 | 0.1.0 | 5.00 | 48.00 | 53.00 | OK | |
r-patched-linux-x86_64 | 0.1.0 | 1.83 | 32.47 | 34.30 | OK | |
r-patched-solaris-x86 | 0.1.0 | 70.40 | OK | |||
r-release-linux-x86_64 | 0.1.0 | 1.45 | 32.83 | 34.28 | OK | |
r-release-windows-ix86+x86_64 | 0.1.0 | 5.00 | 48.00 | 53.00 | OK | |
r-release-osx-x86_64 | 0.1.0 | OK | ||||
r-oldrel-windows-ix86+x86_64 | 0.1.0 | 5.00 | 48.00 | 53.00 | OK | |
r-oldrel-osx-x86_64 | 0.1.0 | WARN |
Version: 0.1.0
Check: re-building of vignette outputs
Result: WARN
Error in re-building vignettes:
...
Warning: namespace ‘evaluate’ is not available and has been replaced
by .GlobalEnv when processing object ‘’
Warning: namespace 'evaluate' is not available and has been replaced
by .GlobalEnv when processing object 'force_v1'
Error: processing vignette 'geoaxe_vignette.Rmd' failed with diagnostics:
shared object 'stringi.so' not found
Execution halted
Flavor: r-oldrel-osx-x86_64