Last updated on 2019-01-15 00:46:28 CET.
Flavor | Version | Tinstall | Tcheck | Ttotal | Status | Flags |
---|---|---|---|---|---|---|
r-devel-linux-x86_64-debian-clang | 1.3.0 | 69.31 | 32.90 | 102.21 | OK | |
r-devel-linux-x86_64-debian-gcc | 1.3.0 | 63.99 | 26.02 | 90.01 | OK | |
r-devel-linux-x86_64-fedora-clang | 1.3.0 | 162.21 | NOTE | |||
r-devel-linux-x86_64-fedora-gcc | 1.3.0 | 143.35 | OK | |||
r-devel-windows-ix86+x86_64 | 1.3.0 | 152.00 | 71.00 | 223.00 | OK | |
r-patched-linux-x86_64 | 1.3.0 | 72.65 | 30.48 | 103.13 | OK | |
r-patched-solaris-x86 | 1.3.0 | 138.20 | OK | |||
r-release-linux-x86_64 | 1.3.0 | 81.89 | 30.09 | 111.98 | OK | |
r-release-windows-ix86+x86_64 | 1.3.0 | 186.00 | 87.00 | 273.00 | OK | |
r-release-osx-x86_64 | 1.3.0 | NOTE | ||||
r-oldrel-windows-ix86+x86_64 | 1.3.0 | 181.00 | 85.00 | 266.00 | OK | |
r-oldrel-osx-x86_64 | 1.2.1 | OK |
Version: 1.3.0
Check: installed package size
Result: NOTE
installed size is 8.3Mb
sub-directories of 1Mb or more:
help 1.3Mb
libs 6.2Mb
Flavors: r-devel-linux-x86_64-fedora-clang, r-release-osx-x86_64