Last updated on 2019-01-15 00:46:28 CET.
Flavor | Version | Tinstall | Tcheck | Ttotal | Status | Flags |
---|---|---|---|---|---|---|
r-devel-linux-x86_64-debian-clang | 1.7.2 | 18.25 | 403.11 | 421.36 | NOTE | |
r-devel-linux-x86_64-debian-gcc | 1.7.2 | 15.45 | 303.42 | 318.87 | NOTE | |
r-devel-linux-x86_64-fedora-clang | 1.7.2 | 511.64 | NOTE | |||
r-devel-linux-x86_64-fedora-gcc | 1.7.2 | 494.66 | OK | |||
r-devel-windows-ix86+x86_64 | 1.7.2 | 29.00 | 503.00 | 532.00 | NOTE | |
r-patched-linux-x86_64 | 1.7.2 | 20.43 | 385.31 | 405.74 | NOTE | |
r-patched-solaris-x86 | 1.7.2 | 807.10 | NOTE | |||
r-release-linux-x86_64 | 1.7.2 | 17.21 | 385.37 | 402.58 | NOTE | |
r-release-windows-ix86+x86_64 | 1.7.2 | 46.00 | 482.00 | 528.00 | NOTE | |
r-release-osx-x86_64 | 1.7.2 | NOTE | ||||
r-oldrel-windows-ix86+x86_64 | 1.7.2 | 24.00 | 919.00 | 943.00 | OK | |
r-oldrel-osx-x86_64 | 1.7.2 | NOTE |
Version: 1.7.2
Check: package dependencies
Result: NOTE
Package which this enhances but not available for checking: ‘INLA’
Flavors: r-devel-linux-x86_64-debian-clang, r-devel-linux-x86_64-debian-gcc, r-patched-linux-x86_64, r-patched-solaris-x86, r-release-linux-x86_64, r-release-osx-x86_64, r-oldrel-osx-x86_64
Version: 1.7.2
Check: installed package size
Result: NOTE
installed size is 5.3Mb
sub-directories of 1Mb or more:
data 3.8Mb
Flavors: r-devel-linux-x86_64-fedora-clang, r-devel-windows-ix86+x86_64, r-patched-solaris-x86, r-release-windows-ix86+x86_64, r-release-osx-x86_64