CRAN Package Check Results for Package ggformula

Last updated on 2019-01-15 00:46:28 CET.

Flavor Version Tinstall Tcheck Ttotal Status Flags
r-devel-linux-x86_64-debian-clang 0.9.1 17.07 267.16 284.23 ERROR
r-devel-linux-x86_64-debian-gcc 0.9.1 13.29 238.97 252.26 OK
r-devel-linux-x86_64-fedora-clang 0.9.1 390.98 NOTE
r-devel-linux-x86_64-fedora-gcc 0.9.1 373.40 NOTE
r-devel-windows-ix86+x86_64 0.9.1 30.00 378.00 408.00 OK
r-patched-linux-x86_64 0.9.1 16.13 304.97 321.10 OK
r-patched-solaris-x86 0.9.1 498.40 NOTE
r-release-linux-x86_64 0.9.0 19.34 276.02 295.36 OK
r-release-windows-ix86+x86_64 0.9.1 30.00 490.00 520.00 OK
r-release-osx-x86_64 0.9.1 NOTE
r-oldrel-windows-ix86+x86_64 0.9.1 14.00 528.00 542.00 OK
r-oldrel-osx-x86_64 0.9.0 NOTE

Check Details

Version: 0.9.1
Check: package dependencies
Result: NOTE
    Package suggested but not available for checking: ‘vdiffr’
Flavor: r-devel-linux-x86_64-debian-clang

Version: 0.9.1
Check: tests
Result: ERROR
     Running ‘testthat.R’ [2s/3s]
    Running the tests in ‘tests/testthat.R’ failed.
    Complete output:
     > library(testthat)
     > library(ggformula)
     Loading required package: ggplot2
     Loading required package: ggstance
    
     Attaching package: 'ggstance'
    
     The following objects are masked from 'package:ggplot2':
    
     GeomErrorbarh, geom_errorbarh
    
    
     New to ggformula? Try the tutorials:
     learnr::run_tutorial("introduction", package = "ggformula")
     learnr::run_tutorial("refining", package = "ggformula")
     >
     > test_check("ggformula")
     ── 1. Error: gf_abline() (@test-layer-factory.R#8) ────────────────────────────
     there is no package called 'vdiffr'
     1: vdiffr::expect_doppelganger at testthat/test-layer-factory.R:8
     2: getExportedValue(pkg, name)
     3: asNamespace(ns)
     4: getNamespace(ns)
     5: loadNamespace(name)
     6: withRestarts(stop(cond), retry_loadNamespace = function() NULL)
     7: withOneRestart(expr, restarts[[1L]])
     8: doWithOneRestart(return(expr), restart)
    
     ── 2. Error: gf_area() & gf_ribbon() (@test-layer-factory.R#56) ───────────────
     there is no package called 'vdiffr'
     1: vdiffr::expect_doppelganger at testthat/test-layer-factory.R:56
     2: getExportedValue(pkg, name)
     3: asNamespace(ns)
     4: getNamespace(ns)
     5: loadNamespace(name)
     6: withRestarts(stop(cond), retry_loadNamespace = function() NULL)
     7: withOneRestart(expr, restarts[[1L]])
     8: doWithOneRestart(return(expr), restart)
    
     ── 3. Error: gf_ash() (@test-layer-factory.R#77) ──────────────────────────────
     there is no package called 'vdiffr'
     1: vdiffr::expect_doppelganger at testthat/test-layer-factory.R:77
     2: getExportedValue(pkg, name)
     3: asNamespace(ns)
     4: getNamespace(ns)
     5: loadNamespace(name)
     6: withRestarts(stop(cond), retry_loadNamespace = function() NULL)
     7: withOneRestart(expr, restarts[[1L]])
     8: doWithOneRestart(return(expr), restart)
    
     ── 4. Error: gf_bar() and gf_col() (@test-layer-factory.R#96) ─────────────────
     there is no package called 'vdiffr'
     1: vdiffr::expect_doppelganger at testthat/test-layer-factory.R:96
     2: getExportedValue(pkg, name)
     3: asNamespace(ns)
     4: getNamespace(ns)
     5: loadNamespace(name)
     6: withRestarts(stop(cond), retry_loadNamespace = function() NULL)
     7: withOneRestart(expr, restarts[[1L]])
     8: doWithOneRestart(return(expr), restart)
    
     ── 5. Error: gf_barh() and gf_colh() (@test-layer-factory.R#114) ──────────────
     there is no package called 'vdiffr'
     1: vdiffr::expect_doppelganger at testthat/test-layer-factory.R:114
     2: getExportedValue(pkg, name)
     3: asNamespace(ns)
     4: getNamespace(ns)
     5: loadNamespace(name)
     6: withRestarts(stop(cond), retry_loadNamespace = function() NULL)
     7: withOneRestart(expr, restarts[[1L]])
     8: doWithOneRestart(return(expr), restart)
    
     ── 6. Error: gf_bin2d() (@test-layer-factory.R#131) ───────────────────────────
     there is no package called 'vdiffr'
     1: vdiffr::expect_doppelganger at testthat/test-layer-factory.R:131
     2: getExportedValue(pkg, name)
     3: asNamespace(ns)
     4: getNamespace(ns)
     5: loadNamespace(name)
     6: withRestarts(stop(cond), retry_loadNamespace = function() NULL)
     7: withOneRestart(expr, restarts[[1L]])
     8: doWithOneRestart(return(expr), restart)
    
     ── 7. Error: gf_contour(), gf_density2d(), and gf_density_2d() (@test-layer-fact
     there is no package called 'vdiffr'
     1: vdiffr::expect_doppelganger at testthat/test-layer-factory.R:142
     2: getExportedValue(pkg, name)
     3: asNamespace(ns)
     4: getNamespace(ns)
     5: loadNamespace(name)
     6: withRestarts(stop(cond), retry_loadNamespace = function() NULL)
     7: withOneRestart(expr, restarts[[1L]])
     8: doWithOneRestart(return(expr), restart)
    
     ── 8. Error: gf_boxplot() (@test-layer-factory.R#163) ─────────────────────────
     there is no package called 'vdiffr'
     1: vdiffr::expect_doppelganger at testthat/test-layer-factory.R:163
     2: getExportedValue(pkg, name)
     3: asNamespace(ns)
     4: getNamespace(ns)
     5: loadNamespace(name)
     6: withRestarts(stop(cond), retry_loadNamespace = function() NULL)
     7: withOneRestart(expr, restarts[[1L]])
     8: doWithOneRestart(return(expr), restart)
    
     ── 9. Error: gf_coefline() (@test-layer-factory.R#186) ────────────────────────
     there is no package called 'vdiffr'
     1: vdiffr::expect_doppelganger at testthat/test-layer-factory.R:186
     2: getExportedValue(pkg, name)
     3: asNamespace(ns)
     4: getNamespace(ns)
     5: loadNamespace(name)
     6: withRestarts(stop(cond), retry_loadNamespace = function() NULL)
     7: withOneRestart(expr, restarts[[1L]])
     8: doWithOneRestart(return(expr), restart)
    
     ── 10. Error: gf_contour(), gf_density_2d(), gf_density2d() (@test-layer-factory
     there is no package called 'vdiffr'
     1: vdiffr::expect_doppelganger at testthat/test-layer-factory.R:202
     2: getExportedValue(pkg, name)
     3: asNamespace(ns)
     4: getNamespace(ns)
     5: loadNamespace(name)
     6: withRestarts(stop(cond), retry_loadNamespace = function() NULL)
     7: withOneRestart(expr, restarts[[1L]])
     8: doWithOneRestart(return(expr), restart)
    
     ── 11. Error: gf_countsh(), gf_percentssh(), gf_propssh() (@test-layer-factory.R
     there is no package called 'vdiffr'
     1: vdiffr::expect_doppelganger at testthat/test-layer-factory.R:227
     2: getExportedValue(pkg, name)
     3: asNamespace(ns)
     4: getNamespace(ns)
     5: loadNamespace(name)
     6: withRestarts(stop(cond), retry_loadNamespace = function() NULL)
     7: withOneRestart(expr, restarts[[1L]])
     8: doWithOneRestart(return(expr), restart)
    
     ── 12. Error: gf__counts(), gf_props(), gf_percents() (@test-layer-factory.R#257
     there is no package called 'vdiffr'
     1: vdiffr::expect_doppelganger at testthat/test-layer-factory.R:257
     2: getExportedValue(pkg, name)
     3: asNamespace(ns)
     4: getNamespace(ns)
     5: loadNamespace(name)
     6: withRestarts(stop(cond), retry_loadNamespace = function() NULL)
     7: withOneRestart(expr, restarts[[1L]])
     8: doWithOneRestart(return(expr), restart)
    
     ── 13. Error: gf_crossbar(), gf_errorbar(), gf_pointrange() (@test-layer-factory
     there is no package called 'vdiffr'
     1: vdiffr::expect_doppelganger at testthat/test-layer-factory.R:287
     2: getExportedValue(pkg, name)
     3: asNamespace(ns)
     4: getNamespace(ns)
     5: loadNamespace(name)
     6: withRestarts(stop(cond), retry_loadNamespace = function() NULL)
     7: withOneRestart(expr, restarts[[1L]])
     8: doWithOneRestart(return(expr), restart)
    
     ── 14. Error: gf_crossbarh(), gf_errorbarh(), gf_pointrangeh() (@test-layer-fact
     there is no package called 'vdiffr'
     1: vdiffr::expect_doppelganger at testthat/test-layer-factory.R:327
     2: getExportedValue(pkg, name)
     3: asNamespace(ns)
     4: getNamespace(ns)
     5: loadNamespace(name)
     6: withRestarts(stop(cond), retry_loadNamespace = function() NULL)
     7: withOneRestart(expr, restarts[[1L]])
     8: doWithOneRestart(return(expr), restart)
    
     ── 15. Error: gf_curve() and gf_segment() (@test-layer-factory.R#356) ─────────
     there is no package called 'vdiffr'
     1: vdiffr::expect_doppelganger at testthat/test-layer-factory.R:356
     2: getExportedValue(pkg, name)
     3: asNamespace(ns)
     4: getNamespace(ns)
     5: loadNamespace(name)
     6: withRestarts(stop(cond), retry_loadNamespace = function() NULL)
     7: withOneRestart(expr, restarts[[1L]])
     8: doWithOneRestart(return(expr), restart)
    
     ── 16. Error: gf_dens() and gf_density (@test-layer-factory.R#368) ────────────
     there is no package called 'vdiffr'
     1: vdiffr::expect_doppelganger at testthat/test-layer-factory.R:368
     2: getExportedValue(pkg, name)
     3: asNamespace(ns)
     4: getNamespace(ns)
     5: loadNamespace(name)
     6: withRestarts(stop(cond), retry_loadNamespace = function() NULL)
     7: withOneRestart(expr, restarts[[1L]])
     8: doWithOneRestart(return(expr), restart)
    
     ── 17. Error: gf_dist() (@test-layer-factory.R#389) ───────────────────────────
     there is no package called 'vdiffr'
     1: vdiffr::expect_doppelganger at testthat/test-layer-factory.R:389
     2: getExportedValue(pkg, name)
     3: asNamespace(ns)
     4: getNamespace(ns)
     5: loadNamespace(name)
     6: withRestarts(stop(cond), retry_loadNamespace = function() NULL)
     7: withOneRestart(expr, restarts[[1L]])
     8: doWithOneRestart(return(expr), restart)
    
     ── 18. Error: gf_dotplot() (@test-layer-factory.R#420) ────────────────────────
     there is no package called 'vdiffr'
     1: vdiffr::expect_doppelganger at testthat/test-layer-factory.R:420
     2: getExportedValue(pkg, name)
     3: asNamespace(ns)
     4: getNamespace(ns)
     5: loadNamespace(name)
     6: withRestarts(stop(cond), retry_loadNamespace = function() NULL)
     7: withOneRestart(expr, restarts[[1L]])
     8: doWithOneRestart(return(expr), restart)
    
     ── 19. Error: gf_empty(), gf_blank(), and gf_frame() (@test-layer-factory.R#437)
     there is no package called 'vdiffr'
     1: vdiffr::expect_doppelganger at testthat/test-layer-factory.R:437
     2: getExportedValue(pkg, name)
     3: asNamespace(ns)
     4: getNamespace(ns)
     5: loadNamespace(name)
     6: withRestarts(stop(cond), retry_loadNamespace = function() NULL)
     7: withOneRestart(expr, restarts[[1L]])
     8: doWithOneRestart(return(expr), restart)
    
     ── 20. Error: gf_fitdistr() (@test-layer-factory.R#466) ───────────────────────
     there is no package called 'vdiffr'
     1: vdiffr::expect_doppelganger at testthat/test-layer-factory.R:466
     2: getExportedValue(pkg, name)
     3: asNamespace(ns)
     4: getNamespace(ns)
     5: loadNamespace(name)
     6: withRestarts(stop(cond), retry_loadNamespace = function() NULL)
     7: withOneRestart(expr, restarts[[1L]])
     8: doWithOneRestart(return(expr), restart)
    
     ── 21. Error: gf_freqpoly() (@test-layer-factory.R#483) ───────────────────────
     there is no package called 'vdiffr'
     1: vdiffr::expect_doppelganger at testthat/test-layer-factory.R:483
     2: getExportedValue(pkg, name)
     3: asNamespace(ns)
     4: getNamespace(ns)
     5: loadNamespace(name)
     6: withRestarts(stop(cond), retry_loadNamespace = function() NULL)
     7: withOneRestart(expr, restarts[[1L]])
     8: doWithOneRestart(return(expr), restart)
    
     ── 22. Error: gf_freqpoly() (@test-layer-factory.R#498) ───────────────────────
     there is no package called 'vdiffr'
     1: vdiffr::expect_doppelganger at testthat/test-layer-factory.R:498
     2: getExportedValue(pkg, name)
     3: asNamespace(ns)
     4: getNamespace(ns)
     5: loadNamespace(name)
     6: withRestarts(stop(cond), retry_loadNamespace = function() NULL)
     7: withOneRestart(expr, restarts[[1L]])
     8: doWithOneRestart(return(expr), restart)
    
     ── 23. Error: gf_fun2d() (@test-layer-factory.R#515) ──────────────────────────
     there is no package called 'vdiffr'
     1: vdiffr::expect_doppelganger at testthat/test-layer-factory.R:515
     2: getExportedValue(pkg, name)
     3: asNamespace(ns)
     4: getNamespace(ns)
     5: loadNamespace(name)
     6: withRestarts(stop(cond), retry_loadNamespace = function() NULL)
     7: withOneRestart(expr, restarts[[1L]])
     8: doWithOneRestart(return(expr), restart)
    
     ── 24. Error: gf_hex() (@test-layer-factory.R#555) ────────────────────────────
     there is no package called 'vdiffr'
     1: vdiffr::expect_doppelganger at testthat/test-layer-factory.R:555
     2: getExportedValue(pkg, name)
     3: asNamespace(ns)
     4: getNamespace(ns)
     5: loadNamespace(name)
     6: withRestarts(stop(cond), retry_loadNamespace = function() NULL)
     7: withOneRestart(expr, restarts[[1L]])
     8: doWithOneRestart(return(expr), restart)
    
     ── 25. Error: gf_histogram() and gf_dhistogram (@test-layer-factory.R#569) ────
     there is no package called 'vdiffr'
     1: vdiffr::expect_doppelganger at testthat/test-layer-factory.R:569
     2: getExportedValue(pkg, name)
     3: asNamespace(ns)
     4: getNamespace(ns)
     5: loadNamespace(name)
     6: withRestarts(stop(cond), retry_loadNamespace = function() NULL)
     7: withOneRestart(expr, restarts[[1L]])
     8: doWithOneRestart(return(expr), restart)
    
     ── 26. Error: gf_line() (@test-layer-factory.R#596) ───────────────────────────
     there is no package called 'vdiffr'
     1: vdiffr::expect_doppelganger at testthat/test-layer-factory.R:596
     2: getExportedValue(pkg, name)
     3: asNamespace(ns)
     4: getNamespace(ns)
     5: loadNamespace(name)
     6: withRestarts(stop(cond), retry_loadNamespace = function() NULL)
     7: withOneRestart(expr, restarts[[1L]])
     8: doWithOneRestart(return(expr), restart)
    
     ── 27. Error: gf_label() and gf_text() (@test-layer-factory.R#610) ────────────
     there is no package called 'vdiffr'
     1: vdiffr::expect_doppelganger at testthat/test-layer-factory.R:610
     2: getExportedValue(pkg, name)
     3: asNamespace(ns)
     4: getNamespace(ns)
     5: loadNamespace(name)
     6: withRestarts(stop(cond), retry_loadNamespace = function() NULL)
     7: withOneRestart(expr, restarts[[1L]])
     8: doWithOneRestart(return(expr), restart)
    
     ── 28. Error: gf_linerange() and gf_pointrange() (@test-layer-factory.R#624) ──
     there is no package called 'vdiffr'
     1: vdiffr::expect_doppelganger at testthat/test-layer-factory.R:624
     2: getExportedValue(pkg, name)
     3: asNamespace(ns)
     4: getNamespace(ns)
     5: loadNamespace(name)
     6: withRestarts(stop(cond), retry_loadNamespace = function() NULL)
     7: withOneRestart(expr, restarts[[1L]])
     8: doWithOneRestart(return(expr), restart)
    
     ── 29. Error: gf_point() (@test-layer-factory.R#645) ──────────────────────────
     there is no package called 'vdiffr'
     1: vdiffr::expect_doppelganger at testthat/test-layer-factory.R:645
     2: getExportedValue(pkg, name)
     3: asNamespace(ns)
     4: getNamespace(ns)
     5: loadNamespace(name)
     6: withRestarts(stop(cond), retry_loadNamespace = function() NULL)
     7: withOneRestart(expr, restarts[[1L]])
     8: doWithOneRestart(return(expr), restart)
    
     ── 30. Error: gf_qq(), gf_qqstep(), gf_qqline() (@test-layer-factory.R#659) ───
     there is no package called 'vdiffr'
     1: vdiffr::expect_doppelganger at testthat/test-layer-factory.R:659
     2: getExportedValue(pkg, name)
     3: asNamespace(ns)
     4: getNamespace(ns)
     5: loadNamespace(name)
     6: withRestarts(stop(cond), retry_loadNamespace = function() NULL)
     7: withOneRestart(expr, restarts[[1L]])
     8: doWithOneRestart(return(expr), restart)
    
     ── 31. Error: gf_quantile() (@test-layer-factory.R#677) ───────────────────────
     there is no package called 'vdiffr'
     1: vdiffr::expect_doppelganger at testthat/test-layer-factory.R:677
     2: getExportedValue(pkg, name)
     3: asNamespace(ns)
     4: getNamespace(ns)
     5: loadNamespace(name)
     6: withRestarts(stop(cond), retry_loadNamespace = function() NULL)
     7: withOneRestart(expr, restarts[[1L]])
     8: doWithOneRestart(return(expr), restart)
    
     ── 32. Error: gf_raster(), gf_tile(), gf_density2d() (@test-layer-factory.R#690)
     there is no package called 'vdiffr'
     1: vdiffr::expect_doppelganger at testthat/test-layer-factory.R:690
     2: getExportedValue(pkg, name)
     3: asNamespace(ns)
     4: getNamespace(ns)
     5: loadNamespace(name)
     6: withRestarts(stop(cond), retry_loadNamespace = function() NULL)
     7: withOneRestart(expr, restarts[[1L]])
     8: doWithOneRestart(return(expr), restart)
    
     ── 33. Error: gf_rect() (@test-layer-factory.R#710) ───────────────────────────
     there is no package called 'vdiffr'
     1: vdiffr::expect_doppelganger at testthat/test-layer-factory.R:710
     2: getExportedValue(pkg, name)
     3: asNamespace(ns)
     4: getNamespace(ns)
     5: loadNamespace(name)
     6: withRestarts(stop(cond), retry_loadNamespace = function() NULL)
     7: withOneRestart(expr, restarts[[1L]])
     8: doWithOneRestart(return(expr), restart)
    
     ── 34. Error: gf_rect() (@test-layer-factory.R#727) ───────────────────────────
     there is no package called 'vdiffr'
     1: vdiffr::expect_doppelganger at testthat/test-layer-factory.R:727
     2: getExportedValue(pkg, name)
     3: asNamespace(ns)
     4: getNamespace(ns)
     5: loadNamespace(name)
     6: withRestarts(stop(cond), retry_loadNamespace = function() NULL)
     7: withOneRestart(expr, restarts[[1L]])
     8: doWithOneRestart(return(expr), restart)
    
     ══ testthat results ═══════════════════════════════════════════════════════════
     OK: 0 SKIPPED: 0 FAILED: 34
     1. Error: gf_abline() (@test-layer-factory.R#8)
     2. Error: gf_area() & gf_ribbon() (@test-layer-factory.R#56)
     3. Error: gf_ash() (@test-layer-factory.R#77)
     4. Error: gf_bar() and gf_col() (@test-layer-factory.R#96)
     5. Error: gf_barh() and gf_colh() (@test-layer-factory.R#114)
     6. Error: gf_bin2d() (@test-layer-factory.R#131)
     7. Error: gf_contour(), gf_density2d(), and gf_density_2d() (@test-layer-factory.R#142)
     8. Error: gf_boxplot() (@test-layer-factory.R#163)
     9. Error: gf_coefline() (@test-layer-factory.R#186)
     1. ...
    
     Error: testthat unit tests failed
     Execution halted
Flavor: r-devel-linux-x86_64-debian-clang

Version: 0.9.1
Check: installed package size
Result: NOTE
     installed size is 5.0Mb
     sub-directories of 1Mb or more:
     doc 2.7Mb
Flavors: r-devel-linux-x86_64-fedora-clang, r-patched-solaris-x86

Version: 0.9.1
Check: dependencies in R code
Result: NOTE
    Namespace in Imports field not imported from: ‘tidyr’
     All declared Imports should be used.
Flavors: r-devel-linux-x86_64-fedora-clang, r-devel-linux-x86_64-fedora-gcc, r-patched-solaris-x86, r-release-osx-x86_64

Version: 0.9.0
Check: dependencies in R code
Result: NOTE
    Namespace in Imports field not imported from: ‘tidyr’
     All declared Imports should be used.
Flavor: r-oldrel-osx-x86_64